Last updated on 2025-10-21 19:51:16 CEST.
Flavor | Version | Tinstall | Tcheck | Ttotal | Status | Flags |
---|---|---|---|---|---|---|
r-devel-linux-x86_64-debian-clang | 0.1.2 | 5.84 | 59.34 | 65.18 | NOTE | |
r-devel-linux-x86_64-debian-gcc | 0.1.2 | 3.82 | 42.39 | 46.21 | NOTE | |
r-devel-linux-x86_64-fedora-clang | 0.1.2 | 10.00 | 94.35 | 104.35 | OK | |
r-devel-linux-x86_64-fedora-gcc | 0.1.2 | 11.00 | 83.93 | 94.93 | OK | |
r-devel-windows-x86_64 | 0.1.2 | 8.00 | 89.00 | 97.00 | OK | |
r-patched-linux-x86_64 | 0.1.2 | 4.43 | 56.40 | 60.83 | OK | |
r-release-linux-x86_64 | 0.1.2 | 4.42 | 56.95 | 61.37 | OK | |
r-release-macos-arm64 | 0.1.2 | 4.00 | 29.00 | 33.00 | OK | |
r-release-macos-x86_64 | 0.1.2 | 4.00 | 42.00 | 46.00 | OK | |
r-release-windows-x86_64 | 0.1.2 | 7.00 | 74.00 | 81.00 | OK | |
r-oldrel-macos-arm64 | 0.1.2 | 2.00 | 24.00 | 26.00 | OK | |
r-oldrel-macos-x86_64 | 0.1.2 | 4.00 | 36.00 | 40.00 | OK | |
r-oldrel-windows-x86_64 | 0.1.2 | 9.00 | 90.00 | 99.00 | OK |
Version: 0.1.2
Check: CRAN incoming feasibility
Result: NOTE
Maintainer: ‘Hsiao-Ting Huang <nikkihuang309700034@gmail.com>’
No Authors@R field in DESCRIPTION.
Please add one, modifying
Authors@R: person(given = "Hsiao-Ting",
family = "Huang",
role = c("aut", "cre"),
email = "lchen723@nccu.edu.tw")
as necessary.
Flavors: r-devel-linux-x86_64-debian-clang, r-devel-linux-x86_64-debian-gcc