CRAN Package Check Results for Package ARCensReg

Last updated on 2025-07-24 08:49:16 CEST.

Flavor Version Tinstall Tcheck Ttotal Status Flags
r-devel-linux-x86_64-debian-clang 3.0.1 39.81 116.37 156.18 NOTE
r-devel-linux-x86_64-debian-gcc 3.0.1 27.39 79.17 106.56 NOTE
r-devel-linux-x86_64-fedora-clang 3.0.1 245.93 OK
r-devel-linux-x86_64-fedora-gcc 3.0.1 244.72 OK
r-devel-windows-x86_64 3.0.1 42.00 128.00 170.00 NOTE
r-patched-linux-x86_64 3.0.1 36.90 104.42 141.32 NOTE
r-release-linux-x86_64 3.0.1 39.05 104.43 143.48 NOTE
r-release-macos-arm64 3.0.1 61.00 OK
r-release-macos-x86_64 3.0.1 109.00 OK
r-release-windows-x86_64 3.0.1 41.00 131.00 172.00 NOTE
r-oldrel-macos-arm64 3.0.1 60.00 OK
r-oldrel-macos-x86_64 3.0.1 97.00 OK
r-oldrel-windows-x86_64 3.0.1 50.00 173.00 223.00 OK

Check Details

Version: 3.0.1
Check: CRAN incoming feasibility
Result: NOTE Maintainer: ‘Fernanda L. Schumacher <fernandalschumacher@gmail.com>’ The Description field contains innovations. arXiv preprint <arXiv:2110.00224>. Please refer to arXiv e-prints via their arXiv DOI <doi:10.48550/arXiv.YYMM.NNNNN>. Flavors: r-devel-linux-x86_64-debian-clang, r-devel-linux-x86_64-debian-gcc

Version: 3.0.1
Check: Rd cross-references
Result: NOTE Found the following Rd file(s) with Rd \link{} targets missing package anchors: plot.InfDiag.Rd: ggplot plot.Rd: ggplot plot.residARpCRM.Rd: ggplot Please provide package anchors for all Rd \link{} targets not in the package itself and the base packages. Flavors: r-devel-linux-x86_64-debian-clang, r-devel-linux-x86_64-debian-gcc, r-devel-windows-x86_64, r-patched-linux-x86_64, r-release-linux-x86_64, r-release-windows-x86_64