Last updated on 2025-11-08 19:50:54 CET.
| Flavor | Version | Tinstall | Tcheck | Ttotal | Status | Flags |
|---|---|---|---|---|---|---|
| r-devel-linux-x86_64-debian-clang | 2.0.0 | 201.38 | 94.67 | 296.05 | OK | |
| r-devel-linux-x86_64-debian-gcc | 2.0.0 | 143.52 | 63.99 | 207.51 | WARN | |
| r-devel-linux-x86_64-fedora-clang | 2.0.0 | 86.00 | 420.30 | 506.30 | WARN | |
| r-devel-linux-x86_64-fedora-gcc | 2.0.0 | 206.00 | 343.53 | 549.53 | OK | |
| r-devel-windows-x86_64 | 2.0.0 | 221.00 | 166.00 | 387.00 | OK | |
| r-patched-linux-x86_64 | 2.0.0 | 220.90 | 86.33 | 307.23 | OK | |
| r-release-linux-x86_64 | 2.0.0 | 209.68 | 86.38 | 296.06 | OK | |
| r-release-macos-arm64 | 2.1.0 | 79.00 | 62.00 | 141.00 | OK | |
| r-release-macos-x86_64 | 2.0.0 | 72.00 | 128.00 | 200.00 | OK | |
| r-release-windows-x86_64 | 2.0.0 | 223.00 | 161.00 | 384.00 | OK | |
| r-oldrel-macos-arm64 | 2.0.0 | 74.00 | 49.00 | 123.00 | NOTE | |
| r-oldrel-macos-x86_64 | 2.0.0 | 81.00 | 111.00 | 192.00 | NOTE | |
| r-oldrel-windows-x86_64 | 2.0.0 | 259.00 | 193.00 | 452.00 | OK |
Version: 2.0.0
Check: Rd files
Result: WARN
prepare_Rd: Undefined bibtex string name: sept
Flavors: r-devel-linux-x86_64-debian-gcc, r-devel-linux-x86_64-fedora-clang
Version: 2.0.0
Check: installed package size
Result: NOTE
installed size is 20.0Mb
sub-directories of 1Mb or more:
libs 18.6Mb
Flavors: r-oldrel-macos-arm64, r-oldrel-macos-x86_64