CRAN Package Check Results for Package ApacheLogProcessor

Last updated on 2025-11-20 19:49:53 CET.

Flavor Version Tinstall Tcheck Ttotal Status Flags
r-devel-linux-x86_64-debian-clang 0.2.3 2.82 27.75 30.57 NOTE
r-devel-linux-x86_64-debian-gcc 0.2.3 2.24 22.30 24.54 NOTE
r-devel-linux-x86_64-fedora-clang 0.2.3 45.43 OK
r-devel-linux-x86_64-fedora-gcc 0.2.3 43.08 OK
r-devel-windows-x86_64 0.2.3 8.00 53.00 61.00 OK
r-patched-linux-x86_64 0.2.3 3.10 26.23 29.33 OK
r-release-linux-x86_64 0.2.3 3.16 26.24 29.40 OK
r-release-macos-arm64 0.2.3 OK
r-release-macos-x86_64 0.2.3 3.00 39.00 42.00 OK
r-release-windows-x86_64 0.2.3 5.00 71.00 76.00 OK
r-oldrel-macos-arm64 0.2.3 OK
r-oldrel-macos-x86_64 0.2.3 2.00 27.00 29.00 OK
r-oldrel-windows-x86_64 0.2.3 6.00 61.00 67.00 OK

Check Details

Version: 0.2.3
Check: CRAN incoming feasibility
Result: NOTE Maintainer: ‘Diogo Silveira Mendonca <diogosmendonca@gmail.com>’ No Authors@R field in DESCRIPTION. Please add one, modifying Authors@R: person(given = c("Diogo", "Silveira"), family = "Mendonca", role = c("aut", "cre"), email = "diogosmendonca@gmail.com") as necessary. Flavors: r-devel-linux-x86_64-debian-clang, r-devel-linux-x86_64-debian-gcc