Last updated on 2025-07-20 20:48:21 CEST.
Flavor | Version | Tinstall | Tcheck | Ttotal | Status | Flags |
---|---|---|---|---|---|---|
r-devel-linux-x86_64-debian-clang | 0.1.4 | 39.42 | 33.36 | 72.78 | NOTE | |
r-devel-linux-x86_64-debian-gcc | 0.1.4 | 31.44 | 25.27 | 56.71 | NOTE | |
r-devel-linux-x86_64-fedora-clang | 0.1.4 | 137.52 | OK | |||
r-devel-linux-x86_64-fedora-gcc | 0.1.4 | 136.73 | OK | |||
r-devel-windows-x86_64 | 0.1.4 | 52.00 | 75.00 | 127.00 | OK | |
r-patched-linux-x86_64 | 0.1.4 | 44.42 | 31.40 | 75.82 | OK | |
r-release-linux-x86_64 | 0.1.4 | 44.65 | 31.59 | 76.24 | OK | |
r-release-macos-arm64 | 0.1.4 | 40.00 | OK | |||
r-release-macos-x86_64 | 0.1.4 | 52.00 | OK | |||
r-release-windows-x86_64 | 0.1.4 | 51.00 | 68.00 | 119.00 | OK | |
r-oldrel-macos-arm64 | 0.1.4 | 40.00 | OK | |||
r-oldrel-macos-x86_64 | 0.1.4 | 46.00 | OK | |||
r-oldrel-windows-x86_64 | 0.1.4 | 65.00 | 89.00 | 154.00 | OK |
Version: 0.1.4
Check: CRAN incoming feasibility
Result: NOTE
Maintainer: ‘Joe Suzuki <j-suzuki@sigmath.es.osaka-u.ac.jp>’
No Authors@R field in DESCRIPTION.
Please add one, modifying
Authors@R: c(person(given = "Joe",
family = "Suzuki",
role = c("aut", "cre"),
email = "j-suzuki@sigmath.es.osaka-u.ac.jp"),
person(given = "Jun",
family = "Kawahara",
role = "aut"))
as necessary.
Flavors: r-devel-linux-x86_64-debian-clang, r-devel-linux-x86_64-debian-gcc