Last updated on 2025-10-21 19:51:19 CEST.
Flavor | Version | Tinstall | Tcheck | Ttotal | Status | Flags |
---|---|---|---|---|---|---|
r-devel-linux-x86_64-debian-clang | 0.1.1 | 5.70 | 57.07 | 62.77 | NOTE | |
r-devel-linux-x86_64-debian-gcc | 0.1.1 | 4.75 | 41.57 | 46.32 | NOTE | |
r-devel-linux-x86_64-fedora-clang | 0.1.1 | 13.00 | 85.23 | 98.23 | OK | |
r-devel-linux-x86_64-fedora-gcc | 0.1.1 | 15.00 | 76.10 | 91.10 | OK | |
r-devel-windows-x86_64 | 0.1.1 | 8.00 | 66.00 | 74.00 | OK | |
r-patched-linux-x86_64 | 0.1.1 | 6.92 | 54.14 | 61.06 | OK | |
r-release-linux-x86_64 | 0.1.1 | 5.98 | 53.10 | 59.08 | OK | |
r-release-macos-arm64 | 0.1.1 | 3.00 | 25.00 | 28.00 | OK | |
r-release-macos-x86_64 | 0.1.1 | 5.00 | 38.00 | 43.00 | OK | |
r-release-windows-x86_64 | 0.1.1 | 9.00 | 67.00 | 76.00 | OK | |
r-oldrel-macos-arm64 | 0.1.1 | 3.00 | 23.00 | 26.00 | OK | |
r-oldrel-macos-x86_64 | 0.1.1 | 4.00 | 31.00 | 35.00 | OK | |
r-oldrel-windows-x86_64 | 0.1.1 | 10.00 | 82.00 | 92.00 | OK |
Version: 0.1.1
Check: HTML version of manual
Result: NOTE
Found the following HTML validation problems:
plot.swlasso.html:50:1 (plot.swlasso.Rd:12): Warning: missing </ul> before </div>
plot.wlasso.html:50:1 (plot.wlasso.Rd:12): Warning: missing </ul> before </div>
Flavors: r-devel-linux-x86_64-debian-clang, r-devel-linux-x86_64-debian-gcc