CRAN Package Check Results for Package CamelUp

Last updated on 2025-10-21 08:50:35 CEST.

Flavor Version Tinstall Tcheck Ttotal Status Flags
r-devel-linux-x86_64-debian-clang 2.0.3 71.00 87.42 158.42 OK
r-devel-linux-x86_64-debian-gcc 2.0.3 59.67 59.14 118.81 NOTE
r-devel-linux-x86_64-fedora-clang 2.0.3 255.94 OK
r-devel-linux-x86_64-fedora-gcc 2.0.3 279.11 OK
r-devel-windows-x86_64 2.0.3 85.00 106.00 191.00 OK
r-patched-linux-x86_64 2.0.3 79.63 79.05 158.68 OK
r-release-linux-x86_64 2.0.3 78.57 78.28 156.85 OK
r-release-macos-arm64 2.0.3 64.00 OK
r-release-macos-x86_64 2.0.3 80.00 OK
r-release-windows-x86_64 2.0.3 86.00 104.00 190.00 OK
r-oldrel-macos-arm64 2.0.3 64.00 NOTE
r-oldrel-macos-x86_64 2.0.3 72.00 NOTE
r-oldrel-windows-x86_64 2.0.3 102.00 139.00 241.00 NOTE

Check Details

Version: 2.0.3
Check: HTML version of manual
Result: NOTE Found the following HTML validation problems: simulateMoveNTimes.html:50:1 (simulateMoveNTimes.Rd:12): Warning: missing </ul> before </div> simulateMoveOnce.html:46:1 (simulateMoveOnce.Rd:10): Warning: missing </ul> before </div> Flavor: r-devel-linux-x86_64-debian-gcc

Version: 2.0.3
Check: installed package size
Result: NOTE installed size is 9.9Mb sub-directories of 1Mb or more: libs 9.6Mb Flavors: r-oldrel-macos-arm64, r-oldrel-macos-x86_64

Version: 2.0.3
Check: LazyData
Result: NOTE 'LazyData' is specified without a 'data' directory Flavors: r-oldrel-macos-arm64, r-oldrel-macos-x86_64, r-oldrel-windows-x86_64