Last updated on 2025-07-24 20:49:20 CEST.
Flavor | Version | Tinstall | Tcheck | Ttotal | Status | Flags |
---|---|---|---|---|---|---|
r-devel-linux-x86_64-debian-clang | 1.0.5 | 5.59 | 51.04 | 56.63 | NOTE | |
r-devel-linux-x86_64-debian-gcc | 1.0.5 | 3.32 | 36.14 | 39.46 | NOTE | |
r-devel-linux-x86_64-fedora-clang | 1.0.5 | 89.47 | OK | |||
r-devel-linux-x86_64-fedora-gcc | 1.0.5 | 98.35 | OK | |||
r-devel-windows-x86_64 | 1.0.5 | 6.00 | 65.00 | 71.00 | OK | |
r-patched-linux-x86_64 | 1.0.5 | 6.01 | 46.94 | 52.95 | OK | |
r-release-linux-x86_64 | 1.0.5 | 4.51 | 45.83 | 50.34 | OK | |
r-release-macos-arm64 | 1.0.5 | 35.00 | OK | |||
r-release-macos-x86_64 | 1.0.5 | 65.00 | OK | |||
r-release-windows-x86_64 | 1.0.5 | 7.00 | 65.00 | 72.00 | OK | |
r-oldrel-macos-arm64 | 1.0.5 | 32.00 | OK | |||
r-oldrel-macos-x86_64 | 1.0.5 | 50.00 | OK | |||
r-oldrel-windows-x86_64 | 1.0.5 | 10.00 | 79.00 | 89.00 | OK |
Version: 1.0.5
Check: CRAN incoming feasibility
Result: NOTE
Maintainer: ‘Elias Laurin Meyer <elias.meyer@meduniwien.ac.at>’
The Description field contains
in Meyer et al. <arXiv:2202.02182>.
Please refer to arXiv e-prints via their arXiv DOI <doi:10.48550/arXiv.YYMM.NNNNN>.
Flavors: r-devel-linux-x86_64-debian-clang, r-devel-linux-x86_64-debian-gcc