Last updated on 2025-10-01 08:48:31 CEST.
Flavor | Version | Tinstall | Tcheck | Ttotal | Status | Flags |
---|---|---|---|---|---|---|
r-devel-linux-x86_64-debian-clang | 0.5.0 | 9.43 | 64.11 | 73.54 | NOTE | |
r-devel-linux-x86_64-debian-gcc | 0.5.0 | 6.10 | 46.24 | 52.34 | NOTE | |
r-devel-linux-x86_64-fedora-clang | 0.5.0 | 105.95 | OK | |||
r-devel-linux-x86_64-fedora-gcc | 0.5.0 | 103.25 | OK | |||
r-devel-windows-x86_64 | 0.5.0 | 12.00 | 89.00 | 101.00 | OK | |
r-patched-linux-x86_64 | 0.5.0 | 9.15 | 61.14 | 70.29 | OK | |
r-release-linux-x86_64 | 0.5.0 | 8.21 | 61.27 | 69.48 | OK | |
r-release-macos-arm64 | 0.5.0 | 42.00 | OK | |||
r-release-macos-x86_64 | 0.5.0 | 93.00 | OK | |||
r-release-windows-x86_64 | 0.5.0 | 12.00 | 83.00 | 95.00 | OK | |
r-oldrel-macos-arm64 | 0.5.0 | 36.00 | OK | |||
r-oldrel-macos-x86_64 | 0.5.0 | 53.00 | OK | |||
r-oldrel-windows-x86_64 | 0.5.0 | 15.00 | 104.00 | 119.00 | OK |
Version: 0.5.0
Check: CRAN incoming feasibility
Result: NOTE
Maintainer: ‘Bouchra R. Nasri <bouchra.nasri@umontreal.ca>’
The Description field contains
<arXiv:2301.13408>.
Please refer to arXiv e-prints via their arXiv DOI <doi:10.48550/arXiv.YYMM.NNNNN>.
Flavors: r-devel-linux-x86_64-debian-clang, r-devel-linux-x86_64-debian-gcc