Last updated on 2025-07-22 19:51:46 CEST.
Flavor | Version | Tinstall | Tcheck | Ttotal | Status | Flags |
---|---|---|---|---|---|---|
r-devel-linux-x86_64-debian-clang | 0.5.7 | 67.62 | 80.46 | 148.08 | OK | |
r-devel-linux-x86_64-debian-gcc | 0.5.7 | 48.71 | 58.23 | 106.94 | OK | |
r-devel-linux-x86_64-fedora-clang | 0.5.7 | 284.87 | OK | |||
r-devel-linux-x86_64-fedora-gcc | 0.5.7 | 284.21 | OK | |||
r-devel-windows-x86_64 | 0.5.7 | 106.00 | 129.00 | 235.00 | OK | |
r-patched-linux-x86_64 | 0.5.7 | 70.55 | 76.56 | 147.11 | OK | |
r-release-linux-x86_64 | 0.5.7 | 67.25 | 76.34 | 143.59 | OK | |
r-release-macos-arm64 | 0.5.7 | 75.00 | OK | |||
r-release-macos-x86_64 | 0.5.7 | 129.00 | OK | |||
r-release-windows-x86_64 | 0.5.7 | 106.00 | 135.00 | 241.00 | OK | |
r-oldrel-macos-arm64 | 0.5.7 | 82.00 | NOTE | |||
r-oldrel-macos-x86_64 | 0.5.7 | 134.00 | NOTE | |||
r-oldrel-windows-x86_64 | 0.5.7 | 129.00 | 172.00 | 301.00 | OK |
Version: 0.5.7
Check: installed package size
Result: NOTE
installed size is 7.1Mb
sub-directories of 1Mb or more:
libs 6.6Mb
Flavors: r-oldrel-macos-arm64, r-oldrel-macos-x86_64