Last updated on 2025-07-25 08:49:48 CEST.
Flavor | Version | Tinstall | Tcheck | Ttotal | Status | Flags |
---|---|---|---|---|---|---|
r-devel-linux-x86_64-debian-clang | 0.4.2 | 11.26 | 126.87 | 138.13 | OK | |
r-devel-linux-x86_64-debian-gcc | 0.4.2 | 7.74 | 86.16 | 93.90 | OK | |
r-devel-linux-x86_64-fedora-clang | 0.4.2 | 215.94 | NOTE | |||
r-devel-linux-x86_64-fedora-gcc | 0.4.2 | 225.59 | NOTE | |||
r-devel-windows-x86_64 | 0.4.2 | 14.00 | 174.00 | 188.00 | OK | |
r-patched-linux-x86_64 | 0.4.2 | 13.66 | 119.99 | 133.65 | OK | |
r-release-linux-x86_64 | 0.4.2 | 10.36 | 118.56 | 128.92 | OK | |
r-release-macos-arm64 | 0.4.2 | 95.00 | OK | |||
r-release-macos-x86_64 | 0.4.2 | 134.00 | OK | |||
r-release-windows-x86_64 | 0.4.2 | 15.00 | 174.00 | 189.00 | OK | |
r-oldrel-macos-arm64 | 0.4.2 | 64.00 | OK | |||
r-oldrel-macos-x86_64 | 0.4.2 | 166.00 | OK | |||
r-oldrel-windows-x86_64 | 0.4.2 | 19.00 | 200.00 | 219.00 | OK |
Version: 0.4.2
Check: dependencies in R code
Result: NOTE
Namespace in Imports field not imported from: ‘DT’
All declared Imports should be used.
Flavors: r-devel-linux-x86_64-fedora-clang, r-devel-linux-x86_64-fedora-gcc