CRAN Package Check Results for Package ETAS

Last updated on 2025-07-21 08:50:02 CEST.

Flavor Version Tinstall Tcheck Ttotal Status Flags
r-devel-linux-x86_64-debian-clang 0.6.1.1 27.18 86.90 114.08 NOTE
r-devel-linux-x86_64-debian-gcc 0.6.1.1 20.97 66.51 87.48 NOTE
r-devel-linux-x86_64-fedora-clang 0.6.1.1 197.45 OK
r-devel-linux-x86_64-fedora-gcc 0.6.1.1 191.91 OK
r-devel-windows-x86_64 0.6.1.1 30.00 123.00 153.00 NOTE
r-patched-linux-x86_64 0.6.1.1 25.08 84.07 109.15 NOTE
r-release-linux-x86_64 0.6.1.1 25.02 83.98 109.00 NOTE
r-release-macos-arm64 0.6.1.1 88.00 OK
r-release-macos-x86_64 0.6.1.1 144.00 OK
r-release-windows-x86_64 0.6.1.1 28.00 127.00 155.00 NOTE
r-oldrel-macos-arm64 0.6.1.1 69.00 OK
r-oldrel-macos-x86_64 0.6.1.1 109.00 OK
r-oldrel-windows-x86_64 0.6.1.1 36.00 157.00 193.00 OK

Check Details

Version: 0.6.1.1
Check: Rd cross-references
Result: NOTE Found the following Rd file(s) with Rd \link{} targets missing package anchors: catalog.Rd: inside.owin Please provide package anchors for all Rd \link{} targets not in the package itself and the base packages. Flavors: r-devel-linux-x86_64-debian-clang, r-devel-linux-x86_64-debian-gcc, r-devel-windows-x86_64, r-patched-linux-x86_64, r-release-linux-x86_64, r-release-windows-x86_64