CRAN Package Check Results for Package GMDHreg

Last updated on 2025-07-22 08:48:33 CEST.

Flavor Version Tinstall Tcheck Ttotal Status Flags
r-devel-linux-x86_64-debian-clang 0.2.3 3.14 32.86 36.00 NOTE
r-devel-linux-x86_64-debian-gcc 0.2.3 2.51 24.70 27.21 NOTE
r-devel-linux-x86_64-fedora-clang 0.2.3 57.38 OK
r-devel-linux-x86_64-fedora-gcc 0.2.3 69.73 OK
r-devel-windows-x86_64 0.2.3 4.00 54.00 58.00 OK
r-patched-linux-x86_64 0.2.3 3.11 31.42 34.53 OK
r-release-linux-x86_64 0.2.3 3.27 31.43 34.70 OK
r-release-macos-arm64 0.2.3 25.00 OK
r-release-macos-x86_64 0.2.3 47.00 OK
r-release-windows-x86_64 0.2.3 5.00 56.00 61.00 OK
r-oldrel-macos-arm64 0.2.3 24.00 OK
r-oldrel-macos-x86_64 0.2.3 47.00 OK
r-oldrel-windows-x86_64 0.2.3 4.00 62.00 66.00 OK

Check Details

Version: 0.2.3
Check: CRAN incoming feasibility
Result: NOTE Maintainer: ‘Manuel Villacorta Tilve <mvt.oviedo@gmail.com>’ No Authors@R field in DESCRIPTION. Please add one, modifying Authors@R: person(given = c("Manuel", "Villacorta"), family = "Tilve", role = c("aut", "cre"), email = "mvt.oviedo@gmail.com") as necessary. Flavors: r-devel-linux-x86_64-debian-clang, r-devel-linux-x86_64-debian-gcc