CRAN Package Check Results for Package GOCompare

Last updated on 2025-09-30 20:50:39 CEST.

Flavor Version Tinstall Tcheck Ttotal Status Flags
r-devel-linux-x86_64-debian-clang 1.0.2.2 15.07 110.63 125.70 OK
r-devel-linux-x86_64-debian-gcc 1.0.2.2 11.63 79.97 91.60 OK
r-devel-linux-x86_64-fedora-clang 1.0.2.2 192.02 NOTE
r-devel-linux-x86_64-fedora-gcc 1.0.2.2 184.78 NOTE
r-devel-windows-x86_64 1.0.2.2 16.00 122.00 138.00 OK
r-patched-linux-x86_64 1.0.2.2 14.06 103.56 117.62 OK
r-release-linux-x86_64 1.0.2.2 14.40 102.59 116.99 OK
r-release-macos-arm64 1.0.2.2 54.00 OK
r-release-macos-x86_64 1.0.2.2 136.00 OK
r-release-windows-x86_64 1.0.2.2 16.00 125.00 141.00 OK
r-oldrel-macos-arm64 1.0.2.2 61.00 OK
r-oldrel-macos-x86_64 1.0.2.2 132.00 OK
r-oldrel-windows-x86_64 1.0.2.2 24.00 160.00 184.00 OK

Check Details

Version: 1.0.2.2
Check: dependencies in R code
Result: NOTE Namespaces in Imports field not imported from: ‘base’ ‘methods’ All declared Imports should be used. Flavors: r-devel-linux-x86_64-fedora-clang, r-devel-linux-x86_64-fedora-gcc