Last updated on 2025-07-22 08:48:32 CEST.
Flavor | Version | Tinstall | Tcheck | Ttotal | Status | Flags |
---|---|---|---|---|---|---|
r-devel-linux-x86_64-debian-clang | 0.2.15 | 193.33 | 331.39 | 524.72 | OK | |
r-devel-linux-x86_64-debian-gcc | 0.2.15 | 131.12 | 204.28 | 335.40 | OK | |
r-devel-linux-x86_64-fedora-clang | 0.2.15 | 896.08 | OK | |||
r-devel-linux-x86_64-fedora-gcc | 0.2.15 | 802.65 | ERROR | |||
r-devel-windows-x86_64 | 0.2.15 | 220.00 | 336.00 | 556.00 | OK | |
r-patched-linux-x86_64 | 0.2.15 | 193.43 | 310.86 | 504.29 | OK | |
r-release-linux-x86_64 | 0.2.15 | 179.47 | 306.44 | 485.91 | OK | |
r-release-macos-arm64 | 0.2.15 | 162.00 | OK | |||
r-release-macos-x86_64 | 0.2.15 | 314.00 | OK | |||
r-release-windows-x86_64 | 0.2.15 | 215.00 | 313.00 | 528.00 | OK | |
r-oldrel-macos-arm64 | 0.2.15 | 199.00 | NOTE | |||
r-oldrel-macos-x86_64 | 0.2.15 | 382.00 | NOTE | |||
r-oldrel-windows-x86_64 | 0.2.15 | 257.00 | 418.00 | 675.00 | OK |
Version: 0.2.15
Check: tests
Result: ERROR
Running ‘testthat.R’ [243s/301s]
Running the tests in ‘tests/testthat.R’ failed.
Complete output:
> library(testthat)
> library(GauPro)
Loading required package: mixopt
Loading required package: dplyr
Attaching package: 'dplyr'
The following object is masked from 'package:testthat':
matches
The following objects are masked from 'package:stats':
filter, lag
The following objects are masked from 'package:base':
intersect, setdiff, setequal, union
Loading required package: ggplot2
Loading required package: splitfngr
Loading required package: numDeriv
Loading required package: rmarkdown
Loading required package: tidyr
Attaching package: 'tidyr'
The following object is masked from 'package:testthat':
matches
>
> test_check("GauPro")
[ FAIL 1 | WARN 0 | SKIP 0 | PASS 3387 ]
══ Failed tests ════════════════════════════════════════════════════════════════
── Failure ('test_kernel_model_and_kernels.R:635:11'): Cts kernels 2D ──────────
8 Periodic 3 numgrad not equal to actgrad[1 + i].
1/1 mismatches
[1] -1.34e+08 - -1.34e+08 == 133987
[ FAIL 1 | WARN 0 | SKIP 0 | PASS 3387 ]
Error: Test failures
Execution halted
Flavor: r-devel-linux-x86_64-fedora-gcc
Version: 0.2.15
Check: installed package size
Result: NOTE
installed size is 9.4Mb
sub-directories of 1Mb or more:
R 2.0Mb
libs 6.5Mb
Flavors: r-oldrel-macos-arm64, r-oldrel-macos-x86_64