CRAN Package Check Results for Package ICSS

Last updated on 2025-10-16 20:49:33 CEST.

Flavor Version Tinstall Tcheck Ttotal Status Flags
r-devel-linux-x86_64-debian-clang 1.1 1.78 19.84 21.62 NOTE
r-devel-linux-x86_64-debian-gcc 1.1 1.38 16.30 17.68 NOTE
r-devel-linux-x86_64-fedora-clang 1.1 31.76 NOTE
r-devel-linux-x86_64-fedora-gcc 1.1 30.21 NOTE
r-devel-windows-x86_64 1.1 3.00 38.00 41.00 NOTE
r-patched-linux-x86_64 1.1 1.79 19.20 20.99 NOTE
r-release-linux-x86_64 1.1 1.72 18.87 20.59 NOTE
r-release-macos-arm64 1.1 16.00 NOTE
r-release-macos-x86_64 1.1 29.00 NOTE
r-release-windows-x86_64 1.1 3.00 41.00 44.00 NOTE
r-oldrel-macos-arm64 1.1 15.00 NOTE
r-oldrel-macos-x86_64 1.1 22.00 NOTE
r-oldrel-windows-x86_64 1.1 3.00 46.00 49.00 NOTE

Check Details

Version: 1.1
Check: Rd files
Result: NOTE checkRd: (-1) data.Rd:7: Lost braces in \itemize; meant \describe ? checkRd: (-1) data.Rd:8: Lost braces in \itemize; meant \describe ? checkRd: (-1) data.Rd:9: Lost braces in \itemize; meant \describe ? Flavors: r-devel-linux-x86_64-debian-clang, r-devel-linux-x86_64-debian-gcc, r-devel-linux-x86_64-fedora-clang, r-devel-linux-x86_64-fedora-gcc, r-devel-windows-x86_64, r-patched-linux-x86_64, r-release-linux-x86_64, r-release-macos-arm64, r-release-macos-x86_64, r-release-windows-x86_64, r-oldrel-macos-arm64, r-oldrel-macos-x86_64, r-oldrel-windows-x86_64