Last updated on 2025-07-22 08:48:35 CEST.
Flavor | Version | Tinstall | Tcheck | Ttotal | Status | Flags |
---|---|---|---|---|---|---|
r-devel-linux-x86_64-debian-clang | 2.1.2 | 3.92 | 62.24 | 66.16 | NOTE | |
r-devel-linux-x86_64-debian-gcc | 2.1.2 | 2.67 | 42.85 | 45.52 | NOTE | |
r-devel-linux-x86_64-fedora-clang | 2.1.2 | 108.29 | OK | |||
r-devel-linux-x86_64-fedora-gcc | 2.1.2 | 122.43 | OK | |||
r-devel-windows-x86_64 | 2.1.2 | 4.00 | 95.00 | 99.00 | OK | |
r-patched-linux-x86_64 | 2.1.2 | 4.04 | 59.42 | 63.46 | OK | |
r-release-linux-x86_64 | 2.1.2 | 3.63 | 58.54 | 62.17 | OK | |
r-release-macos-arm64 | 2.1.2 | 39.00 | OK | |||
r-release-macos-x86_64 | 2.1.2 | 85.00 | OK | |||
r-release-windows-x86_64 | 2.1.2 | 5.00 | 100.00 | 105.00 | OK | |
r-oldrel-macos-arm64 | 2.1.2 | 39.00 | OK | |||
r-oldrel-macos-x86_64 | 2.1.2 | 66.00 | OK | |||
r-oldrel-windows-x86_64 | 2.1.2 | 7.00 | 125.00 | 132.00 | OK |
Version: 2.1.2
Check: CRAN incoming feasibility
Result: NOTE
Maintainer: ‘Lisa Ouellette <louellet@uncc.edu>’
Package CITATION file contains call(s) to old-style personList() or
as.personList(). Please use c() on person objects instead.
Package CITATION file contains call(s) to old-style citEntry(). Please
use bibentry() instead.
Flavors: r-devel-linux-x86_64-debian-clang, r-devel-linux-x86_64-debian-gcc