Last updated on 2025-07-20 08:49:42 CEST.
Flavor | Version | Tinstall | Tcheck | Ttotal | Status | Flags |
---|---|---|---|---|---|---|
r-devel-linux-x86_64-debian-clang | 4.0 | 6.63 | 63.21 | 69.84 | NOTE | |
r-devel-linux-x86_64-debian-gcc | 4.0 | 5.49 | 48.36 | 53.85 | NOTE | |
r-devel-linux-x86_64-fedora-clang | 5.0 | 111.94 | OK | |||
r-devel-linux-x86_64-fedora-gcc | 4.0 | 102.01 | OK | |||
r-devel-windows-x86_64 | 5.0 | 8.00 | 79.00 | 87.00 | OK | |
r-patched-linux-x86_64 | 4.0 | 6.89 | 61.16 | 68.05 | OK | |
r-release-linux-x86_64 | 4.0 | 7.30 | 59.85 | 67.15 | OK | |
r-release-macos-arm64 | 4.0 | 38.00 | OK | |||
r-release-macos-x86_64 | 5.0 | 61.00 | OK | |||
r-release-windows-x86_64 | 4.0 | 8.00 | 72.00 | 80.00 | OK | |
r-oldrel-macos-arm64 | 4.0 | 33.00 | OK | |||
r-oldrel-macos-x86_64 | 5.0 | 81.00 | OK | |||
r-oldrel-windows-x86_64 | 4.0 | 11.00 | 89.00 | 100.00 | OK |
Version: 4.0
Check: CRAN incoming feasibility
Result: NOTE
Maintainer: ‘Ray Bai <raybaistat@gmail.com>’
No Authors@R field in DESCRIPTION.
Please add one, modifying
Authors@R: c(person(given = "Ray",
family = "Bai",
role = c("aut", "cre"),
email = "raybaistat@gmail.com"),
person(given = "Malay",
family = "Ghosh",
role = "aut"))
as necessary.
Flavors: r-devel-linux-x86_64-debian-clang, r-devel-linux-x86_64-debian-gcc