Last updated on 2025-07-22 08:48:36 CEST.
Flavor | Version | Tinstall | Tcheck | Ttotal | Status | Flags |
---|---|---|---|---|---|---|
r-devel-linux-x86_64-debian-clang | 0.1.0 | 8.69 | 96.78 | 105.47 | OK | |
r-devel-linux-x86_64-debian-gcc | 0.1.0 | 5.76 | 67.77 | 73.53 | OK | |
r-devel-linux-x86_64-fedora-clang | 0.1.0 | 165.36 | NOTE | |||
r-devel-linux-x86_64-fedora-gcc | 0.1.0 | 162.56 | NOTE | |||
r-devel-windows-x86_64 | 0.1.0 | 11.00 | 99.00 | 110.00 | OK | |
r-patched-linux-x86_64 | 0.1.0 | 8.91 | 88.72 | 97.63 | OK | |
r-release-linux-x86_64 | 0.1.0 | 7.86 | 89.22 | 97.08 | OK | |
r-release-macos-arm64 | 0.1.0 | 53.00 | OK | |||
r-release-macos-x86_64 | 0.1.0 | 129.00 | OK | |||
r-release-windows-x86_64 | 0.1.0 | 11.00 | 99.00 | 110.00 | OK | |
r-oldrel-macos-arm64 | 0.1.0 | 57.00 | OK | |||
r-oldrel-macos-x86_64 | 0.1.0 | 111.00 | OK | |||
r-oldrel-windows-x86_64 | 0.1.0 | 13.00 | 122.00 | 135.00 | OK |
Version: 0.1.0
Check: dependencies in R code
Result: NOTE
Namespaces in Imports field not imported from:
‘kableExtra’ ‘knitr’ ‘reshape2’ ‘tidyverse’
All declared Imports should be used.
Flavors: r-devel-linux-x86_64-fedora-clang, r-devel-linux-x86_64-fedora-gcc