Last updated on 2025-09-30 20:50:44 CEST.
Flavor | Version | Tinstall | Tcheck | Ttotal | Status | Flags |
---|---|---|---|---|---|---|
r-devel-linux-x86_64-debian-clang | 3.0.3 | 66.45 | 85.85 | 152.30 | OK | |
r-devel-linux-x86_64-debian-gcc | 3.0.3 | 55.88 | 65.11 | 120.99 | OK | |
r-devel-linux-x86_64-fedora-clang | 3.0.3 | 241.43 | OK | |||
r-devel-linux-x86_64-fedora-gcc | 3.0.3 | 260.49 | OK | |||
r-devel-windows-x86_64 | 3.0.3 | 69.00 | 111.00 | 180.00 | OK | |
r-patched-linux-x86_64 | 3.0.3 | 76.63 | 86.09 | 162.72 | OK | |
r-release-linux-x86_64 | 3.0.3 | 76.79 | 85.41 | 162.20 | OK | |
r-release-macos-arm64 | 3.0.3 | 78.00 | OK | |||
r-release-macos-x86_64 | 3.0.3 | 131.00 | OK | |||
r-release-windows-x86_64 | 3.0.3 | 70.00 | 107.00 | 177.00 | OK | |
r-oldrel-macos-arm64 | 3.0.3 | 72.00 | NOTE | |||
r-oldrel-macos-x86_64 | 3.0.3 | 195.00 | NOTE | |||
r-oldrel-windows-x86_64 | 3.0.3 | 82.00 | 135.00 | 217.00 | OK |
Version: 3.0.3
Check: installed package size
Result: NOTE
installed size is 28.6Mb
sub-directories of 1Mb or more:
libs 27.9Mb
Flavors: r-oldrel-macos-arm64, r-oldrel-macos-x86_64