CRAN Package Check Results for Package MandalaR

Last updated on 2025-09-30 20:50:43 CEST.

Flavor Version Tinstall Tcheck Ttotal Status Flags
r-devel-linux-x86_64-debian-clang 0.1.0 3.12 27.68 30.80 NOTE
r-devel-linux-x86_64-debian-gcc 0.1.0 2.68 22.20 24.88 NOTE
r-devel-linux-x86_64-fedora-clang 0.1.0 44.64 OK
r-devel-linux-x86_64-fedora-gcc 0.1.0 46.49 OK
r-devel-windows-x86_64 0.1.0 6.00 55.00 61.00 OK
r-patched-linux-x86_64 0.1.0 3.12 27.01 30.13 OK
r-release-linux-x86_64 0.1.0 3.13 26.59 29.72 OK
r-release-macos-arm64 0.1.0 21.00 OK
r-release-macos-x86_64 0.1.0 37.00 OK
r-release-windows-x86_64 0.1.0 5.00 55.00 60.00 OK
r-oldrel-macos-arm64 0.1.0 19.00 OK
r-oldrel-macos-x86_64 0.1.0 29.00 OK
r-oldrel-windows-x86_64 0.1.0 6.00 60.00 66.00 OK

Check Details

Version: 0.1.0
Check: CRAN incoming feasibility
Result: NOTE Maintainer: ‘Luciane Ferreira Alcoforado <lucianea@id.uff.br>’ No Authors@R field in DESCRIPTION. Please add one, modifying Authors@R: person(given = c("Luciane", "Ferreira"), family = "Alcoforado", role = c("aut", "cre"), email = "lucianea@id.uff.br") as necessary. Flavors: r-devel-linux-x86_64-debian-clang, r-devel-linux-x86_64-debian-gcc