Last updated on 2025-11-09 07:49:58 CET.
| Flavor | Version | Tinstall | Tcheck | Ttotal | Status | Flags |
|---|---|---|---|---|---|---|
| r-devel-linux-x86_64-debian-clang | 0.0.4 | 19.33 | 145.26 | 164.59 | NOTE | |
| r-devel-linux-x86_64-debian-gcc | 0.0.4 | 13.42 | 96.91 | 110.33 | NOTE | |
| r-devel-linux-x86_64-fedora-clang | 0.0.4 | 46.00 | 227.69 | 273.69 | OK | |
| r-devel-linux-x86_64-fedora-gcc | 0.0.4 | 37.00 | 208.42 | 245.42 | OK | |
| r-devel-windows-x86_64 | 0.0.4 | 20.00 | 138.00 | 158.00 | OK | |
| r-patched-linux-x86_64 | 0.0.4 | 17.54 | 137.44 | 154.98 | OK | |
| r-release-linux-x86_64 | 0.0.4 | 17.11 | 138.17 | 155.28 | OK | |
| r-release-macos-arm64 | 0.0.4 | 10.00 | 74.00 | 84.00 | OK | |
| r-release-macos-x86_64 | 0.0.4 | 15.00 | 103.00 | 118.00 | OK | |
| r-release-windows-x86_64 | 0.0.4 | 20.00 | 134.00 | 154.00 | OK | |
| r-oldrel-macos-arm64 | 0.0.4 | 10.00 | 52.00 | 62.00 | OK | |
| r-oldrel-macos-x86_64 | 0.0.4 | 11.00 | 78.00 | 89.00 | OK | |
| r-oldrel-windows-x86_64 | 0.0.4 | 27.00 | 178.00 | 205.00 | OK |
Version: 0.0.4
Check: CRAN incoming feasibility
Result: NOTE
Maintainer: ‘Xu Qin <xuqin@pitt.edu>’
No Authors@R field in DESCRIPTION.
Please add one, modifying
Authors@R: c(person(given = "Xu",
family = "Qin",
role = c("aut", "cre"),
email = "xuqin@pitt.edu"),
person(given = "Guanglei",
family = "Hong",
role = "aut"),
person(given = "Jonah",
family = "Deutsch",
role = "aut"),
person(given = "Edward",
family = "Bein",
role = "aut"))
as necessary.
Flavors: r-devel-linux-x86_64-debian-clang, r-devel-linux-x86_64-debian-gcc