Last updated on 2025-10-20 20:49:34 CEST.
Flavor | Version | Tinstall | Tcheck | Ttotal | Status | Flags |
---|---|---|---|---|---|---|
r-devel-linux-x86_64-debian-clang | 3.2.0 | 5.89 | 44.89 | 50.78 | OK | |
r-devel-linux-x86_64-debian-gcc | 3.2.0 | 3.73 | 31.75 | 35.48 | NOTE | |
r-devel-linux-x86_64-fedora-clang | 3.2.0 | 80.12 | OK | |||
r-devel-linux-x86_64-fedora-gcc | 3.2.0 | 76.07 | OK | |||
r-devel-windows-x86_64 | 3.2.0 | 7.00 | 70.00 | 77.00 | OK | |
r-patched-linux-x86_64 | 3.2.0 | 6.09 | 42.32 | 48.41 | OK | |
r-release-linux-x86_64 | 3.2.0 | 5.63 | 42.88 | 48.51 | OK | |
r-release-macos-arm64 | 3.2.0 | 36.00 | OK | |||
r-release-macos-x86_64 | 3.2.0 | 53.00 | OK | |||
r-release-windows-x86_64 | 3.2.0 | 7.00 | 72.00 | 79.00 | OK | |
r-oldrel-macos-arm64 | 3.2.0 | 33.00 | OK | |||
r-oldrel-macos-x86_64 | 3.2.0 | 43.00 | OK | |||
r-oldrel-windows-x86_64 | 3.2.0 | 10.00 | 83.00 | 93.00 | OK |
Version: 3.2.0
Check: HTML version of manual
Result: NOTE
Found the following HTML validation problems:
clearNN.html:66:1 (clearNN.Rd:27): Warning: missing </ul> before </div>
timeR.html:223:1 (timeR.Rd:151): Warning: <h5> anchor "Usage" already defined
timeR.html:237:1 (timeR.Rd:160): Warning: <h5> anchor "Usage" already defined
timeR.html:253:1 (timeR.Rd:171): Warning: <h5> anchor "Usage" already defined
timeR.html:267:1 (timeR.Rd:180): Warning: <h5> anchor "Usage" already defined
timeR.html:281:1 (timeR.Rd:189): Warning: <h5> anchor "Usage" already defined
timeR.html:295:1 (timeR.Rd:198): Warning: <h5> anchor "Usage" already defined
timeR.html:309:1 (timeR.Rd:207): Warning: <h5> anchor "Usage" already defined
timeR.html:323:1 (timeR.Rd:216): Warning: <h5> anchor "Usage" already defined
timeR.html:337:1 (timeR.Rd:225): Warning: <h5> anchor "Usage" already defined
timeR.html:351:1 (timeR.Rd:234): Warning: <h5> anchor "Usage" already defined
timeR.html:365:1 (timeR.Rd:243): Warning: <h5> anchor "Usage" already defined
timeR.html:379:1 (timeR.Rd:252): Warning: <h5> anchor "Usage" already defined
timeR.html:393:1 (timeR.Rd:261): Warning: <h5> anchor "Usage" already defined
timeR.html:407:1 (timeR.Rd:270): Warning: <h5> anchor "Usage" already defined
timeR.html:421:1 (timeR.Rd:279): Warning: <h5> anchor "Usage" already defined
timeR.html:437:1 (timeR.Rd:289): Warning: <h5> anchor "Usage" already defined
Flavor: r-devel-linux-x86_64-debian-gcc