Last updated on 2025-10-15 08:48:55 CEST.
Flavor | Version | Tinstall | Tcheck | Ttotal | Status | Flags |
---|---|---|---|---|---|---|
r-devel-linux-x86_64-debian-clang | 1.3.8 | 15.91 | 176.93 | 192.84 | ERROR | |
r-devel-linux-x86_64-debian-gcc | 1.3.8 | 11.08 | 176.38 | 187.46 | NOTE | |
r-devel-linux-x86_64-fedora-clang | 1.3.8 | 394.80 | NOTE | |||
r-devel-linux-x86_64-fedora-gcc | 1.3.8 | 382.37 | NOTE | |||
r-devel-windows-x86_64 | 1.3.8 | 18.00 | 204.00 | 222.00 | NOTE | |
r-patched-linux-x86_64 | 1.3.8 | 15.37 | 237.40 | 252.77 | NOTE | |
r-release-linux-x86_64 | 1.3.8 | 14.14 | 237.86 | 252.00 | NOTE | |
r-release-macos-arm64 | 1.3.8 | 96.00 | NOTE | |||
r-release-macos-x86_64 | 1.3.8 | 158.00 | NOTE | |||
r-release-windows-x86_64 | 1.3.8 | 17.00 | 209.00 | 226.00 | NOTE | |
r-oldrel-macos-arm64 | 1.3.8 | 82.00 | NOTE | |||
r-oldrel-macos-x86_64 | 1.3.8 | 124.00 | NOTE | |||
r-oldrel-windows-x86_64 | 1.3.8 | 24.00 | 267.00 | 291.00 | NOTE |
Version: 1.3.8
Check: DESCRIPTION meta-information
Result: NOTE
Missing dependency on R >= 4.1.0 because package code uses the pipe
|> or function shorthand \(...) syntax added in R 4.1.0.
File(s) using such syntax:
‘boot.weighting.R’
Flavors: r-devel-linux-x86_64-debian-clang, r-devel-linux-x86_64-debian-gcc, r-devel-linux-x86_64-fedora-clang, r-devel-linux-x86_64-fedora-gcc, r-devel-windows-x86_64, r-patched-linux-x86_64, r-release-linux-x86_64, r-release-macos-arm64, r-release-macos-x86_64, r-release-windows-x86_64
Version: 1.3.8
Check: Rd cross-references
Result: NOTE
Found the following Rd file(s) with Rd \link{} targets missing package
anchors:
PSAboot.Rd: Match
balance.matching.Rd: cv.trans.psa
boot.ctree.Rd: cv.trans.psa
boot.matching.Rd: cv.trans.psa, Match
boot.matchit.Rd: cv.trans.psa
boot.rpart.Rd: cv.trans.psa
boot.strata.Rd: cv.trans.psa
boot.weighting.Rd: cv.trans.psa
boxplot.PSAboot.balance.Rd: facet_wrap
hist.PSAboot.Rd: geom_histogram
Please provide package anchors for all Rd \link{} targets not in the
package itself and the base packages.
Flavors: r-devel-linux-x86_64-debian-clang, r-devel-linux-x86_64-debian-gcc, r-devel-windows-x86_64, r-patched-linux-x86_64, r-release-linux-x86_64, r-release-windows-x86_64
Version: 1.3.8
Check: re-building of vignette outputs
Result: ERROR
Error(s) in re-building vignettes:
...
--- re-building ‘MatchingOrder.Rmd’ using rmarkdown
--- finished re-building ‘MatchingOrder.Rmd’
--- re-building ‘PSAboot.Rmd’ using rmarkdown
Quitting from PSAboot.Rmd:133-143 [lalonde.boot]
~~~~~~~~~~~~~~~~~~~~~~~~~~~~~~~~~~~~~~~~~~~~~~~~~~~~~~~~~~~~~~~~~~~~~~~~~~~~~~~~
<error/rlang_error>
Error in `tmp[[i]]$summary`:
! $ operator is invalid for atomic vectors
---
Backtrace:
▆
1. └─PSAboot::PSAboot(...)
~~~~~~~~~~~~~~~~~~~~~~~~~~~~~~~~~~~~~~~~~~~~~~~~~~~~~~~~~~~~~~~~~~~~~~~~~~~~~~~~
Error: processing vignette 'PSAboot.Rmd' failed with diagnostics:
$ operator is invalid for atomic vectors
--- failed re-building ‘PSAboot.Rmd’
SUMMARY: processing the following file failed:
‘PSAboot.Rmd’
Error: Vignette re-building failed.
Execution halted
Flavor: r-devel-linux-x86_64-debian-clang
Version: 1.3.8
Check: installed package size
Result: NOTE
installed size is 6.3Mb
sub-directories of 1Mb or more:
doc 5.5Mb
Flavors: r-oldrel-macos-arm64, r-oldrel-macos-x86_64, r-oldrel-windows-x86_64