Last updated on 2025-11-09 07:50:02 CET.
| Flavor | Version | Tinstall | Tcheck | Ttotal | Status | Flags |
|---|---|---|---|---|---|---|
| r-devel-linux-x86_64-debian-clang | 1.1.2 | 40.88 | 292.55 | 333.43 | OK | |
| r-devel-linux-x86_64-debian-gcc | 1.1.2 | 23.43 | 185.38 | 208.81 | OK | |
| r-devel-linux-x86_64-fedora-clang | 1.1.2 | 166.00 | 380.38 | 546.38 | OK | |
| r-devel-linux-x86_64-fedora-gcc | 1.1.2 | 87.00 | 432.45 | 519.45 | OK | |
| r-devel-windows-x86_64 | 1.1.2 | 39.00 | 277.00 | 316.00 | OK | |
| r-patched-linux-x86_64 | 1.1.2 | 39.22 | 273.21 | 312.43 | OK | |
| r-release-linux-x86_64 | 1.1.2 | 36.26 | 272.76 | 309.02 | OK | |
| r-release-macos-arm64 | 1.1.2 | 17.00 | 119.00 | 136.00 | OK | |
| r-release-macos-x86_64 | 1.1.2 | 38.00 | 211.00 | 249.00 | OK | |
| r-release-windows-x86_64 | 1.1.2 | 38.00 | 267.00 | 305.00 | OK | |
| r-oldrel-macos-arm64 | 1.1.2 | 18.00 | 119.00 | 137.00 | NOTE | |
| r-oldrel-macos-x86_64 | 1.1.2 | 35.00 | 214.00 | 249.00 | NOTE | |
| r-oldrel-windows-x86_64 | 1.1.2 | 55.00 | 373.00 | 428.00 | NOTE |
Version: 1.1.2
Check: installed package size
Result: NOTE
installed size is 5.3Mb
sub-directories of 1Mb or more:
doc 2.1Mb
shiny_app 1.2Mb
Flavors: r-oldrel-macos-arm64, r-oldrel-macos-x86_64, r-oldrel-windows-x86_64