Last updated on 2025-10-21 08:50:54 CEST.
Flavor | Version | Tinstall | Tcheck | Ttotal | Status | Flags |
---|---|---|---|---|---|---|
r-devel-linux-x86_64-debian-clang | 1.1.2 | 8.02 | 49.48 | 57.50 | NOTE | |
r-devel-linux-x86_64-debian-gcc | 1.1.2 | 5.29 | 37.14 | 42.43 | NOTE | |
r-devel-linux-x86_64-fedora-clang | 1.1.2 | 91.86 | NOTE | |||
r-devel-linux-x86_64-fedora-gcc | 1.1.2 | 81.86 | NOTE | |||
r-devel-windows-x86_64 | 1.1.2 | 10.00 | 103.00 | 113.00 | NOTE | |
r-patched-linux-x86_64 | 1.1.2 | 7.65 | 47.07 | 54.72 | NOTE | |
r-release-linux-x86_64 | 1.1.2 | 7.33 | 46.67 | 54.00 | NOTE | |
r-release-macos-arm64 | 1.1.2 | 29.00 | NOTE | |||
r-release-macos-x86_64 | 1.1.2 | 48.00 | NOTE | |||
r-release-windows-x86_64 | 1.1.2 | 10.00 | 105.00 | 115.00 | NOTE | |
r-oldrel-macos-arm64 | 1.1.2 | 29.00 | NOTE | |||
r-oldrel-macos-x86_64 | 1.1.2 | 43.00 | NOTE | |||
r-oldrel-windows-x86_64 | 1.1.2 | 13.00 | 119.00 | 132.00 | NOTE |
Version: 1.1.2
Check: Rd files
Result: NOTE
checkRd: (-1) Add.Rd:19: Lost braces in \itemize; \value handles \item{}{} directly
checkRd: (-1) Add.Rd:20: Lost braces in \itemize; \value handles \item{}{} directly
checkRd: (-1) Close.Rd:15: Lost braces in \itemize; \value handles \item{}{} directly
checkRd: (-1) Close.Rd:16: Lost braces in \itemize; \value handles \item{}{} directly
checkRd: (-1) Command.Rd:18: Lost braces in \itemize; \value handles \item{}{} directly
checkRd: (-1) Command.Rd:19: Lost braces in \itemize; \value handles \item{}{} directly
checkRd: (-1) Create.Rd:19: Lost braces in \itemize; \value handles \item{}{} directly
checkRd: (-1) Create.Rd:20: Lost braces in \itemize; \value handles \item{}{} directly
checkRd: (-1) Execute.Rd:18: Lost braces in \itemize; \value handles \item{}{} directly
checkRd: (-1) Execute.Rd:19: Lost braces in \itemize; \value handles \item{}{} directly
checkRd: (-1) Info.Rd:15: Lost braces in \itemize; \value handles \item{}{} directly
checkRd: (-1) Info.Rd:16: Lost braces in \itemize; \value handles \item{}{} directly
checkRd: (-1) Options.Rd:15: Lost braces in \itemize; \value handles \item{}{} directly
checkRd: (-1) Options.Rd:16: Lost braces in \itemize; \value handles \item{}{} directly
checkRd: (-1) Replace.Rd:19: Lost braces in \itemize; \value handles \item{}{} directly
checkRd: (-1) Replace.Rd:20: Lost braces in \itemize; \value handles \item{}{} directly
checkRd: (-1) Store.Rd:19: Lost braces in \itemize; \value handles \item{}{} directly
checkRd: (-1) Store.Rd:20: Lost braces in \itemize; \value handles \item{}{} directly
checkRd: (-1) Updating.Rd:15: Lost braces in \itemize; \value handles \item{}{} directly
checkRd: (-1) Updating.Rd:16: Lost braces in \itemize; \value handles \item{}{} directly
checkRd: (-1) put.Rd:19: Lost braces in \itemize; \value handles \item{}{} directly
checkRd: (-1) put.Rd:20: Lost braces in \itemize; \value handles \item{}{} directly
checkRd: (-1) putBinary.Rd:19: Lost braces in \itemize; \value handles \item{}{} directly
checkRd: (-1) putBinary.Rd:20: Lost braces in \itemize; \value handles \item{}{} directly
Flavors: r-devel-linux-x86_64-debian-clang, r-devel-linux-x86_64-debian-gcc, r-devel-linux-x86_64-fedora-clang, r-devel-linux-x86_64-fedora-gcc, r-devel-windows-x86_64, r-patched-linux-x86_64, r-release-linux-x86_64, r-release-macos-arm64, r-release-macos-x86_64, r-release-windows-x86_64, r-oldrel-macos-arm64, r-oldrel-macos-x86_64, r-oldrel-windows-x86_64
Version: 1.1.2
Check: HTML version of manual
Result: NOTE
Found the following HTML validation problems:
QueryClass.html:360:1 (QueryClass.Rd:199): Warning: missing </ul> before </div>
QueryClass.html:124:1 (QueryClass.Rd:56): Warning: <h5> anchor "Usage" already defined
QueryClass.html:140:1 (QueryClass.Rd:66): Warning: <h5> anchor "Usage" already defined
QueryClass.html:146:1 (QueryClass.Rd:70): Warning: <h5> anchor "Arguments" already defined
QueryClass.html:161:1 (QueryClass.Rd:79): Warning: <h5> anchor "Details" already defined
QueryClass.html:178:1 (QueryClass.Rd:89): Warning: <h5> anchor "Usage" already defined
QueryClass.html:184:1 (QueryClass.Rd:93): Warning: <h5> anchor "Arguments" already defined
QueryClass.html:199:1 (QueryClass.Rd:102): Warning: <h5> anchor "Details" already defined
QueryClass.html:217:1 (QueryClass.Rd:113): Warning: <h5> anchor "Usage" already defined
QueryClass.html:233:1 (QueryClass.Rd:123): Warning: <h5> anchor "Usage" already defined
QueryClass.html:249:1 (QueryClass.Rd:133): Warning: <h5> anchor "Usage" already defined
QueryClass.html:265:1 (QueryClass.Rd:143): Warning: <h5> anchor "Usage" already defined
QueryClass.html:282:1 (QueryClass.Rd:154): Warning: <h5> anchor "Usage" already defined
QueryClass.html:298:1 (QueryClass.Rd:164): Warning: <h5> anchor "Usage" already defined
QueryClass.html:314:1 (QueryClass.Rd:174): Warning: <h5> anchor "Usage" already defined
QueryClass.html:320:1 (QueryClass.Rd:178): Warning: <h5> anchor "Details" already defined
QueryClass.html:337:1 (QueryClass.Rd:188): Warning: <h5> anchor "Usage" already defined
QueryClass.html:343:1 (QueryClass.Rd:192): Warning: <h5> anchor "Arguments" already defined
RBaseX.html:144:1 (RBaseX.Rd:83): Warning: <h5> anchor "Usage" already defined
RBaseX.html:150:1 (RBaseX.Rd:87): Warning: <h5> anchor "Arguments" already defined
RBaseX.html:180:1 (RBaseX.Rd:104): Warning: <h5> anchor "Usage" already defined
RBaseX.html:186:1 (RBaseX.Rd:108): Warning: <h5> anchor "Arguments" already defined
RBaseX.html:199:1 (RBaseX.Rd:115): Warning: <h5> anchor "Details" already defined
RBaseX.html:217:1 (RBaseX.Rd:126): Warning: <h5> anchor "Usage" already defined
RBaseX.html:223:1 (RBaseX.Rd:130): Warning: <h5> anchor "Arguments" already defined
RBaseX.html:236:1 (RBaseX.Rd:137): Warning: <h5> anchor "Details" already defined
RBaseX.html:261:1 (RBaseX.Rd:151): Warning: <h5> anchor "Usage" already defined
RBaseX.html:267:1 (RBaseX.Rd:155): Warning: <h5> anchor "Arguments" already defined
RBaseX.html:282:1 (RBaseX.Rd:164): Warning: <h5> anchor "Details" already defined
RBaseX.html:299:1 (RBaseX.Rd:174): Warning: <h5> anchor "Usage" already defined
RBaseX.html:305:1 (RBaseX.Rd:178): Warning: <h5> anchor "Arguments" already defined
RBaseX.html:330:1 (RBaseX.Rd:193): Warning: <h5> anchor "Usage" already defined
RBaseX.html:336:1 (RBaseX.Rd:197): Warning: <h5> anchor "Arguments" already defined
RBaseX.html:362:1 (RBaseX.Rd:213): Warning: <h5> anchor "Usage" already defined
RBaseX.html:368:1 (RBaseX.Rd:217): Warning: <h5> anchor "Arguments" already defined
RBaseX.html:393:1 (RBaseX.Rd:232): Warning: <h5> anchor "Usage" already defined
RBaseX.html:399:1 (RBaseX.Rd:236): Warning: <h5> anchor "Arguments" already defined
RBaseX.html:414:1 (RBaseX.Rd:245): Warning: <h5> anchor "Details" already defined
RBaseX.html:431:1 (RBaseX.Rd:255): Warning: <h5> anchor "Usage" already defined
RBaseX.html:437:1 (RBaseX.Rd:259): Warning: <h5> anchor "Arguments" already defined
RBaseX.html:452:1 (RBaseX.Rd:268): Warning: <h5> anchor "Details" already defined
RBaseX.html:471:1 (RBaseX.Rd:280): Warning: <h5> anchor "Usage" already defined
RBaseX.html:477:1 (RBaseX.Rd:284): Warning: <h5> anchor "Arguments" already defined
RBaseX.html:500:1 (RBaseX.Rd:297): Warning: <h5> anchor "Usage" already defined
RBaseX.html:516:1 (RBaseX.Rd:307): Warning: <h5> anchor "Usage" already defined
RBaseX.html:532:1 (RBaseX.Rd:317): Warning: <h5> anchor "Usage" already defined
RBaseX.html:538:1 (RBaseX.Rd:321): Warning: <h5> anchor "Returns" already defined
RBaseX.html:555:1 (RBaseX.Rd:330): Warning: <h5> anchor "Usage" already defined
RBaseX.html:561:1 (RBaseX.Rd:334): Warning: <h5> anchor "Arguments" already defined
RBaseX.html:574:1 (RBaseX.Rd:341): Warning: <h5> anchor "Details" already defined
RBaseX.html:591:1 (RBaseX.Rd:351): Warning: <h5> anchor "Usage" already defined
RBaseX.html:597:1 (RBaseX.Rd:355): Warning: <h5> anchor "Returns" already defined
RBaseX.html:614:1 (RBaseX.Rd:364): Warning: <h5> anchor "Usage" already defined
RBaseX.html:620:1 (RBaseX.Rd:368): Warning: <h5> anchor "Arguments" already defined
SocketClass.html:196:1 (SocketClass.Rd:100): Warning: missing </ul> before </div>
SocketClass.html:92:1 (SocketClass.Rd:41): Warning: <h5> anchor "Usage" already defined
SocketClass.html:108:1 (SocketClass.Rd:51): Warning: <h5> anchor "Usage" already defined
SocketClass.html:114:1 (SocketClass.Rd:55): Warning: <h5> anchor "Arguments" already defined
SocketClass.html:144:1 (SocketClass.Rd:72): Warning: <h5> anchor "Usage" already defined
SocketClass.html:150:1 (SocketClass.Rd:76): Warning: <h5> anchor "Arguments" already defined
SocketClass.html:173:1 (SocketClass.Rd:89): Warning: <h5> anchor "Usage" already defined
SocketClass.html:179:1 (SocketClass.Rd:93): Warning: <h5> anchor "Arguments" already defined
Flavor: r-devel-linux-x86_64-debian-gcc
Version: 1.1.2
Check: dependencies in R code
Result: NOTE
Namespace in Imports field not imported from: ‘rex’
All declared Imports should be used.
Flavors: r-devel-linux-x86_64-fedora-clang, r-devel-linux-x86_64-fedora-gcc