CRAN Package Check Results for Package RKelly

Last updated on 2025-11-09 07:50:03 CET.

Flavor Version Tinstall Tcheck Ttotal Status Flags
r-devel-linux-x86_64-debian-clang 1.0 1.59 23.83 25.42 OK
r-devel-linux-x86_64-debian-gcc 1.0 1.39 20.13 21.52 OK
r-devel-linux-x86_64-fedora-clang 1.0 40.64 OK
r-devel-linux-x86_64-fedora-gcc 1.0 51.22 OK
r-devel-windows-x86_64 1.0 3.00 45.00 48.00 OK
r-patched-linux-x86_64 1.0 1.58 22.63 24.21 OK
r-release-linux-x86_64 1.0 1.59 22.65 24.24 OK
r-release-macos-arm64 1.0 1.00 22.00 23.00 OK
r-release-macos-x86_64 1.0 2.00 50.00 52.00 OK
r-release-windows-x86_64 1.0 3.00 42.00 45.00 OK
r-oldrel-macos-arm64 1.0 1.00 19.00 20.00 NOTE
r-oldrel-macos-x86_64 1.0 2.00 35.00 37.00 NOTE
r-oldrel-windows-x86_64 1.0 3.00 50.00 53.00 NOTE

Check Details

Version: 1.0
Check: LazyData
Result: NOTE 'LazyData' is specified without a 'data' directory Flavors: r-oldrel-macos-arm64, r-oldrel-macos-x86_64, r-oldrel-windows-x86_64