Last updated on 2025-07-24 08:49:34 CEST.
Flavor | Version | Tinstall | Tcheck | Ttotal | Status | Flags |
---|---|---|---|---|---|---|
r-devel-linux-x86_64-debian-clang | 0.0.5 | 44.09 | 467.68 | 511.77 | OK | |
r-devel-linux-x86_64-debian-gcc | 0.0.5 | 31.64 | 327.92 | 359.56 | OK | |
r-devel-linux-x86_64-fedora-clang | 0.0.5 | 820.15 | NOTE | |||
r-devel-linux-x86_64-fedora-gcc | 0.0.5 | 785.71 | NOTE | |||
r-devel-windows-x86_64 | 0.0.5 | 48.00 | 393.00 | 441.00 | OK | |
r-patched-linux-x86_64 | 0.0.5 | 41.14 | 443.01 | 484.15 | OK | |
r-release-linux-x86_64 | 0.0.5 | 42.40 | 446.04 | 488.44 | OK | |
r-release-macos-arm64 | 0.0.5 | 5.00 | ERROR | |||
r-release-macos-x86_64 | 0.0.5 | 7.00 | ERROR | |||
r-release-windows-x86_64 | 0.0.5 | 44.00 | 404.00 | 448.00 | OK | |
r-oldrel-macos-arm64 | 0.0.5 | 130.00 | OK | |||
r-oldrel-macos-x86_64 | 0.0.5 | 274.00 | OK | |||
r-oldrel-windows-x86_64 | 0.0.5 | 64.00 | 535.00 | 599.00 | OK |
Version: 0.0.5
Check: dependencies in R code
Result: NOTE
Namespace in Imports field not imported from: ‘XML’
All declared Imports should be used.
Flavors: r-devel-linux-x86_64-fedora-clang, r-devel-linux-x86_64-fedora-gcc
Version: 0.0.5
Check: package dependencies
Result: ERROR
Packages required but not available: 'GSVAdata', 'org.Hs.eg.db'
See section ‘The DESCRIPTION file’ in the ‘Writing R Extensions’
manual.
Flavor: r-release-macos-arm64
Version: 0.0.5
Check: package dependencies
Result: ERROR
Package required but not available: ‘GSVAdata’
See section ‘The DESCRIPTION file’ in the ‘Writing R Extensions’
manual.
Flavor: r-release-macos-x86_64