CRAN Package Check Results for Package RiskMap

Last updated on 2025-09-30 20:50:50 CEST.

Flavor Version Tinstall Tcheck Ttotal Status Flags
r-devel-linux-x86_64-debian-clang 0.1.0 34.13 271.26 305.39 OK
r-devel-linux-x86_64-debian-gcc 0.1.0 21.17 169.53 190.70 OK
r-devel-linux-x86_64-fedora-clang 0.1.0 486.83 NOTE
r-devel-linux-x86_64-fedora-gcc 0.1.0 462.30 NOTE
r-devel-windows-x86_64 0.1.0 32.00 203.00 235.00 OK
r-patched-linux-x86_64 0.1.0 33.25 260.41 293.66 OK
r-release-linux-x86_64 0.1.0 33.61 251.03 284.64 OK
r-release-macos-arm64 0.1.0 97.00 OK
r-release-macos-x86_64 0.1.0 221.00 OK
r-release-windows-x86_64 0.1.0 31.00 204.00 235.00 OK
r-oldrel-macos-arm64 0.1.0 97.00 OK
r-oldrel-macos-x86_64 0.1.0 242.00 OK
r-oldrel-windows-x86_64 0.1.0 46.00 280.00 326.00 OK

Check Details

Version: 0.1.0
Check: dependencies in R code
Result: NOTE Namespace in Imports field not imported from: ‘maxLik’ All declared Imports should be used. Flavors: r-devel-linux-x86_64-fedora-clang, r-devel-linux-x86_64-fedora-gcc