Last updated on 2025-10-22 08:49:25 CEST.
Flavor | Version | Tinstall | Tcheck | Ttotal | Status | Flags |
---|---|---|---|---|---|---|
r-devel-linux-x86_64-debian-clang | 0.0.3 | 6.05 | 57.23 | 63.28 | OK | |
r-devel-linux-x86_64-debian-gcc | 0.0.3 | 3.81 | 41.17 | 44.98 | OK | |
r-devel-linux-x86_64-fedora-clang | 0.0.3 | 50.00 | 59.65 | 109.65 | NOTE | |
r-devel-linux-x86_64-fedora-gcc | 0.0.3 | 13.00 | 80.58 | 93.58 | NOTE | |
r-devel-windows-x86_64 | 0.0.3 | 8.00 | 65.00 | 73.00 | OK | |
r-patched-linux-x86_64 | 0.0.3 | 6.83 | 53.97 | 60.80 | OK | |
r-release-linux-x86_64 | 0.0.3 | 6.58 | 54.55 | 61.13 | OK | |
r-release-macos-arm64 | 0.0.3 | 3.00 | 21.00 | 24.00 | OK | |
r-release-macos-x86_64 | 0.0.3 | 15.00 | 82.00 | 97.00 | OK | |
r-release-windows-x86_64 | 0.0.3 | 7.00 | 67.00 | 74.00 | OK | |
r-oldrel-macos-arm64 | 0.0.3 | 3.00 | 22.00 | 25.00 | OK | |
r-oldrel-macos-x86_64 | 0.0.3 | 7.00 | 63.00 | 70.00 | OK | |
r-oldrel-windows-x86_64 | 0.0.3 | 11.00 | 83.00 | 94.00 | OK |
Version: 0.0.3
Check: dependencies in R code
Result: NOTE
Namespace in Imports field not imported from: ‘reshape2’
All declared Imports should be used.
Flavors: r-devel-linux-x86_64-fedora-clang, r-devel-linux-x86_64-fedora-gcc