CRAN Package Check Results for Package SIRE

Last updated on 2025-07-24 08:49:36 CEST.

Flavor Version Tinstall Tcheck Ttotal Status Flags
r-devel-linux-x86_64-debian-clang 1.1.0 2.39 25.00 27.39 OK
r-devel-linux-x86_64-debian-gcc 1.1.0 1.28 19.78 21.06 OK
r-devel-linux-x86_64-fedora-clang 1.1.0 42.33 NOTE
r-devel-linux-x86_64-fedora-gcc 1.1.0 40.04 NOTE
r-devel-windows-x86_64 1.1.0 5.00 45.00 50.00 OK
r-patched-linux-x86_64 1.1.0 2.41 23.58 25.99 OK
r-release-linux-x86_64 1.1.0 2.22 23.63 25.85 OK
r-release-macos-arm64 1.1.0 19.00 OK
r-release-macos-x86_64 1.1.0 28.00 OK
r-release-windows-x86_64 1.1.0 5.00 46.00 51.00 OK
r-oldrel-macos-arm64 1.1.0 17.00 OK
r-oldrel-macos-x86_64 1.1.0 29.00 OK
r-oldrel-windows-x86_64 1.1.0 5.00 51.00 56.00 OK

Check Details

Version: 1.1.0
Check: dependencies in R code
Result: NOTE Namespaces in Imports field not imported from: ‘dplyr’ ‘magrittr’ ‘psych’ ‘stringr’ All declared Imports should be used. Flavors: r-devel-linux-x86_64-fedora-clang, r-devel-linux-x86_64-fedora-gcc