Last updated on 2025-11-09 19:51:12 CET.
| Flavor | Version | Tinstall | Tcheck | Ttotal | Status | Flags |
|---|---|---|---|---|---|---|
| r-devel-linux-x86_64-debian-clang | 2.21 | 13.46 | 141.37 | 154.83 | OK | |
| r-devel-linux-x86_64-debian-gcc | 2.21 | 8.48 | 96.34 | 104.82 | OK | |
| r-devel-linux-x86_64-fedora-clang | 2.21 | 117.00 | 128.81 | 245.81 | OK | |
| r-devel-linux-x86_64-fedora-gcc | 2.21 | 110.00 | 145.79 | 255.79 | OK | |
| r-devel-windows-x86_64 | 2.21 | 17.00 | 160.00 | 177.00 | OK | |
| r-patched-linux-x86_64 | 2.21 | 14.29 | 127.44 | 141.73 | OK | |
| r-release-linux-x86_64 | 2.21 | 12.19 | 126.97 | 139.16 | OK | |
| r-release-macos-arm64 | 2.21 | 6.00 | 67.00 | 73.00 | OK | |
| r-release-macos-x86_64 | 2.21 | 20.00 | 127.00 | 147.00 | OK | |
| r-release-windows-x86_64 | 2.21 | 16.00 | 158.00 | 174.00 | OK | |
| r-oldrel-macos-arm64 | 2.21 | 6.00 | 74.00 | 80.00 | NOTE | |
| r-oldrel-macos-x86_64 | 2.21 | 13.00 | 144.00 | 157.00 | NOTE | |
| r-oldrel-windows-x86_64 | 2.21 | 22.00 | 198.00 | 220.00 | NOTE |
Version: 2.21
Check: installed package size
Result: NOTE
installed size is 7.3Mb
sub-directories of 1Mb or more:
doc 6.5Mb
Flavors: r-oldrel-macos-arm64, r-oldrel-macos-x86_64, r-oldrel-windows-x86_64