CRAN Package Check Results for Package SmoothHazard

Last updated on 2025-07-22 08:48:45 CEST.

Flavor Version Tinstall Tcheck Ttotal Status Flags
r-devel-linux-x86_64-debian-clang 2024.04.10 21.94 78.59 100.53 NOTE
r-devel-linux-x86_64-debian-gcc 2024.04.10 13.64 57.31 70.95 NOTE
r-devel-linux-x86_64-fedora-clang 2024.04.10 152.97 OK
r-devel-linux-x86_64-fedora-gcc 2024.04.10 145.54 OK
r-devel-windows-x86_64 2024.04.10 31.00 97.00 128.00 NOTE
r-patched-linux-x86_64 2024.04.10 20.66 73.51 94.17 NOTE
r-release-linux-x86_64 2024.04.10 19.69 74.09 93.78 NOTE
r-release-macos-arm64 2024.04.10 66.00 OK
r-release-macos-x86_64 2024.04.10 84.00 OK
r-release-windows-x86_64 2024.04.10 30.00 101.00 131.00 NOTE
r-oldrel-macos-arm64 2024.04.10 48.00 OK
r-oldrel-macos-x86_64 2024.04.10 67.00 OK
r-oldrel-windows-x86_64 2024.04.10 37.00 120.00 157.00 OK

Check Details

Version: 2024.04.10
Check: Rd cross-references
Result: NOTE Found the following Rd file(s) with Rd \link{} targets missing package anchors: plot.idm.Rd: SmartControl Please provide package anchors for all Rd \link{} targets not in the package itself and the base packages. Flavors: r-devel-linux-x86_64-debian-clang, r-devel-linux-x86_64-debian-gcc, r-devel-windows-x86_64, r-patched-linux-x86_64, r-release-linux-x86_64, r-release-windows-x86_64