Last updated on 2025-07-22 08:48:46 CEST.
Flavor | Version | Tinstall | Tcheck | Ttotal | Status | Flags |
---|---|---|---|---|---|---|
r-devel-linux-x86_64-debian-clang | 1.0.5 | 47.37 | 37.44 | 84.81 | NOTE | |
r-devel-linux-x86_64-debian-gcc | 1.0.5 | 35.97 | 29.39 | 65.36 | NOTE | |
r-devel-linux-x86_64-fedora-clang | 1.0.5 | 132.75 | NOTE | |||
r-devel-linux-x86_64-fedora-gcc | 1.0.5 | 147.05 | NOTE | |||
r-devel-windows-x86_64 | 1.0.5 | 54.00 | 73.00 | 127.00 | NOTE | |
r-patched-linux-x86_64 | 1.0.5 | 49.20 | 34.52 | 83.72 | NOTE | |
r-release-linux-x86_64 | 1.0.5 | 46.51 | 34.49 | 81.00 | NOTE | |
r-release-macos-arm64 | 1.0.5 | 43.00 | NOTE | |||
r-release-macos-x86_64 | 1.0.5 | 75.00 | NOTE | |||
r-release-windows-x86_64 | 1.0.5 | 49.00 | 78.00 | 127.00 | NOTE | |
r-oldrel-macos-arm64 | 1.0.5 | 35.00 | NOTE | |||
r-oldrel-macos-x86_64 | 1.0.5 | 57.00 | NOTE | |||
r-oldrel-windows-x86_64 | 1.0.5 | 64.00 | 96.00 | 160.00 | NOTE |
Version: 1.0.5
Check: C++ specification
Result: NOTE
Specified C++11: please drop specification unless essential
Flavors: r-devel-linux-x86_64-debian-clang, r-devel-linux-x86_64-debian-gcc, r-devel-linux-x86_64-fedora-clang, r-devel-linux-x86_64-fedora-gcc, r-devel-windows-x86_64, r-patched-linux-x86_64, r-release-linux-x86_64, r-release-macos-arm64, r-release-macos-x86_64, r-release-windows-x86_64, r-oldrel-macos-arm64, r-oldrel-macos-x86_64, r-oldrel-windows-x86_64
Version: 1.0.5
Check: installed package size
Result: NOTE
installed size is 5.6Mb
sub-directories of 1Mb or more:
libs 5.3Mb
Flavors: r-oldrel-macos-arm64, r-oldrel-macos-x86_64