CRAN Package Check Results for Package VDAP

Last updated on 2025-09-30 20:50:55 CEST.

Flavor Version Tinstall Tcheck Ttotal Status Flags
r-devel-linux-x86_64-debian-clang 2.0.0 11.89 97.72 109.61 NOTE
r-devel-linux-x86_64-debian-gcc 2.0.0 7.71 69.87 77.58 NOTE
r-devel-linux-x86_64-fedora-clang 2.0.0 168.51 OK
r-devel-linux-x86_64-fedora-gcc 2.0.0 157.96 OK
r-devel-windows-x86_64 2.0.0 14.00 99.00 113.00 OK
r-patched-linux-x86_64 2.0.0 10.46 91.78 102.24 OK
r-release-linux-x86_64 2.0.0 10.68 91.48 102.16 OK
r-release-macos-arm64 2.0.0 38.00 OK
r-release-macos-x86_64 2.0.0 76.00 OK
r-release-windows-x86_64 2.0.0 13.00 101.00 114.00 OK
r-oldrel-macos-arm64 2.0.0 41.00 NOTE
r-oldrel-macos-x86_64 2.0.0 59.00 NOTE
r-oldrel-windows-x86_64 2.0.0 17.00 140.00 157.00 NOTE

Check Details

Version: 2.0.0
Check: CRAN incoming feasibility
Result: NOTE Maintainer: ‘Cody Moore <Jumper9400@gmail.com>’ No Authors@R field in DESCRIPTION. Please add one, modifying Authors@R: person(given = "Cody", family = "Moore", role = c("aut", "cre"), email = "jumper9400@gmail.com") as necessary. Flavors: r-devel-linux-x86_64-debian-clang, r-devel-linux-x86_64-debian-gcc

Version: 2.0.0
Check: LazyData
Result: NOTE 'LazyData' is specified without a 'data' directory Flavors: r-oldrel-macos-arm64, r-oldrel-macos-x86_64, r-oldrel-windows-x86_64