CRAN Package Check Results for Package ajv

Last updated on 2025-11-09 07:49:43 CET.

Flavor Version Tinstall Tcheck Ttotal Status Flags
r-devel-linux-x86_64-debian-clang 1.0.0 2.32 32.60 34.92 OK
r-devel-linux-x86_64-debian-gcc 1.0.0 2.07 26.86 28.93 OK
r-devel-linux-x86_64-fedora-clang 1.0.0 51.01 OK
r-devel-linux-x86_64-fedora-gcc 1.0.0 63.64 OK
r-devel-windows-x86_64 1.0.0 3.00 49.00 52.00 OK
r-patched-linux-x86_64 1.0.0 2.09 30.10 32.19 OK
r-release-linux-x86_64 1.0.0 2.60 30.40 33.00 OK
r-release-macos-arm64 1.0.0 1.00 36.00 37.00 OK
r-release-macos-x86_64 1.0.0 2.00 47.00 49.00 OK
r-release-windows-x86_64 1.0.0 3.00 50.00 53.00 OK
r-oldrel-macos-arm64 1.0.0 1.00 24.00 25.00 NOTE
r-oldrel-macos-x86_64 1.0.0 2.00 34.00 36.00 NOTE
r-oldrel-windows-x86_64 1.0.0 4.00 58.00 62.00 NOTE

Check Details

Version: 1.0.0
Check: LazyData
Result: NOTE 'LazyData' is specified without a 'data' directory Flavors: r-oldrel-macos-arm64, r-oldrel-macos-x86_64, r-oldrel-windows-x86_64