Last updated on 2025-09-30 20:50:32 CEST.
Flavor | Version | Tinstall | Tcheck | Ttotal | Status | Flags |
---|---|---|---|---|---|---|
r-devel-linux-x86_64-debian-clang | 1.1.1 | 8.34 | 75.46 | 83.80 | NOTE | |
r-devel-linux-x86_64-debian-gcc | 1.1.1 | 5.90 | 50.92 | 56.82 | NOTE | |
r-devel-linux-x86_64-fedora-clang | 1.1.1 | 121.91 | OK | |||
r-devel-linux-x86_64-fedora-gcc | 1.1.1 | 115.12 | OK | |||
r-devel-windows-x86_64 | 1.1.1 | 11.00 | 79.00 | 90.00 | OK | |
r-patched-linux-x86_64 | 1.1.1 | 7.68 | 68.09 | 75.77 | OK | |
r-release-linux-x86_64 | 1.1.1 | 6.86 | 67.58 | 74.44 | OK | |
r-release-macos-arm64 | 1.1.1 | 29.00 | OK | |||
r-release-macos-x86_64 | 1.1.1 | 49.00 | OK | |||
r-release-windows-x86_64 | 1.1.1 | 9.00 | 80.00 | 89.00 | OK | |
r-oldrel-macos-arm64 | 1.1.1 | 32.00 | OK | |||
r-oldrel-macos-x86_64 | 1.1.1 | 41.00 | OK | |||
r-oldrel-windows-x86_64 | 1.1.1 | 13.00 | 101.00 | 114.00 | OK |
Version: 1.1.1
Check: CRAN incoming feasibility
Result: NOTE
Maintainer: ‘Jerry Ratcliffe <jhr@temple.edu>’
No Authors@R field in DESCRIPTION.
Please add one, modifying
Authors@R: person(given = "Jerry",
family = "Ratcliffe",
role = c("aut", "cre"),
email = "jhr@temple.edu")
as necessary.
Flavors: r-devel-linux-x86_64-debian-clang, r-devel-linux-x86_64-debian-gcc