CRAN Package Check Results for Package apex

Last updated on 2025-07-25 20:49:23 CEST.

Flavor Version Tinstall Tcheck Ttotal Status Flags
r-devel-linux-x86_64-debian-clang 1.0.6 18.05 138.27 156.32 NOTE
r-devel-linux-x86_64-debian-gcc 1.0.7 11.58 95.03 106.61 OK
r-devel-linux-x86_64-fedora-clang 1.0.7 237.38 OK
r-devel-linux-x86_64-fedora-gcc 1.0.7 241.18 OK
r-devel-windows-x86_64 1.0.6 18.00 144.00 162.00 NOTE
r-patched-linux-x86_64 1.0.6 14.54 128.34 142.88 NOTE
r-release-linux-x86_64 1.0.6 18.38 128.09 146.47 NOTE
r-release-macos-arm64 1.0.6 79.00 OK
r-release-macos-x86_64 1.0.7 148.00 OK
r-release-windows-x86_64 1.0.7 21.00 132.00 153.00 OK
r-oldrel-macos-arm64 1.0.6 63.00 OK
r-oldrel-macos-x86_64 1.0.7 149.00 OK
r-oldrel-windows-x86_64 1.0.7 26.00 167.00 193.00 OK

Check Details

Version: 1.0.6
Check: Rd cross-references
Result: NOTE Found the following Rd file(s) with Rd \link{} targets missing package anchors: multidna2alignment.Rd: as.alignment multidna2genind.Rd: genind-class, DNAbin2genind multidna2multiphyDat.Rd: DNAbin2genind plot-multidna-method.Rd: image.DNAbin Please provide package anchors for all Rd \link{} targets not in the package itself and the base packages. Flavors: r-devel-linux-x86_64-debian-clang, r-devel-windows-x86_64, r-patched-linux-x86_64, r-release-linux-x86_64