Last updated on 2025-07-22 08:48:26 CEST.
Flavor | Version | Tinstall | Tcheck | Ttotal | Status | Flags |
---|---|---|---|---|---|---|
r-devel-linux-x86_64-debian-clang | 0.9.4 | 12.93 | 182.89 | 195.82 | NOTE | |
r-devel-linux-x86_64-debian-gcc | 0.9.4 | 8.97 | 135.67 | 144.64 | NOTE | |
r-devel-linux-x86_64-fedora-clang | 0.9.4 | 295.92 | NOTE | |||
r-devel-linux-x86_64-fedora-gcc | 0.9.4 | 304.66 | NOTE | |||
r-devel-windows-x86_64 | 0.9.4 | 15.00 | 166.00 | 181.00 | NOTE | |
r-patched-linux-x86_64 | 0.9.4 | 12.45 | 174.09 | 186.54 | NOTE | |
r-release-linux-x86_64 | 0.9.4 | 13.36 | 174.15 | 187.51 | NOTE | |
r-release-macos-arm64 | 0.9.4 | 84.00 | NOTE | |||
r-release-macos-x86_64 | 0.9.4 | 176.00 | NOTE | |||
r-release-windows-x86_64 | 0.9.4 | 15.00 | 166.00 | 181.00 | NOTE | |
r-oldrel-macos-arm64 | 0.9.4 | 100.00 | OK | |||
r-oldrel-macos-x86_64 | 0.9.4 | 187.00 | OK | |||
r-oldrel-windows-x86_64 | 0.9.4 | 21.00 | 235.00 | 256.00 | OK |
Version: 0.9.4
Check: DESCRIPTION meta-information
Result: NOTE
Missing dependency on R >= 4.1.0 because package code uses the pipe
|> or function shorthand \(...) syntax added in R 4.1.0.
File(s) using such syntax:
‘adb_archive.R’ ‘adb_backup.R’ ‘adb_querry.R’ ‘helpers.R’
‘normGeometry.R’
Flavors: r-devel-linux-x86_64-debian-clang, r-devel-linux-x86_64-debian-gcc, r-devel-linux-x86_64-fedora-clang, r-devel-linux-x86_64-fedora-gcc, r-devel-windows-x86_64, r-patched-linux-x86_64, r-release-linux-x86_64, r-release-macos-arm64, r-release-macos-x86_64, r-release-windows-x86_64