CRAN Package Check Results for Package arulesNBMiner

Last updated on 2025-09-22 20:49:36 CEST.

Flavor Version Tinstall Tcheck Ttotal Status Flags
r-devel-linux-x86_64-debian-clang 0.1-8 11.24 91.12 102.36 NOTE
r-devel-linux-x86_64-debian-gcc 0.1-8 8.04 67.18 75.22 NOTE
r-devel-linux-x86_64-fedora-clang 0.1-8 153.68 OK
r-devel-linux-x86_64-fedora-gcc 0.1-8 147.75 OK
r-devel-windows-x86_64 0.1-8 11.00 96.00 107.00 OK
r-patched-linux-x86_64 0.1-8 10.49 86.54 97.03 OK
r-release-linux-x86_64 0.1-8 8.83 85.98 94.81 OK
r-release-macos-arm64 0.1-8 52.00 OK
r-release-macos-x86_64 0.1-8 103.00 OK
r-release-windows-x86_64 0.1-8 11.00 112.00 123.00 OK
r-oldrel-macos-arm64 0.1-8 46.00 OK
r-oldrel-macos-x86_64 0.1-8 66.00 OK
r-oldrel-windows-x86_64 0.1-8 14.00 112.00 126.00 OK

Check Details

Version: 0.1-8
Check: CRAN incoming feasibility
Result: NOTE Maintainer: ‘Michael Hahsler <mhahsler@lyle.smu.edu>’ The BugReports field in DESCRIPTION has https://github.com/mhahsler/arulesNBMiner which should likely be https://github.com/mhahsler/arulesNBMiner/issues instead. Flavors: r-devel-linux-x86_64-debian-clang, r-devel-linux-x86_64-debian-gcc