Last updated on 2025-11-09 19:50:53 CET.
| Flavor | Version | Tinstall | Tcheck | Ttotal | Status | Flags |
|---|---|---|---|---|---|---|
| r-devel-linux-x86_64-debian-clang | 4.4.51 | 30.09 | 236.19 | 266.28 | NOTE | |
| r-devel-linux-x86_64-debian-gcc | 4.4.55 | 17.87 | 152.76 | 170.63 | OK | |
| r-devel-linux-x86_64-fedora-clang | 4.4.55 | 118.00 | 318.52 | 436.52 | OK | |
| r-devel-linux-x86_64-fedora-gcc | 4.4.51 | 57.00 | 345.96 | 402.96 | NOTE | |
| r-devel-windows-x86_64 | 4.4.55 | 29.00 | 249.00 | 278.00 | OK | |
| r-patched-linux-x86_64 | 4.4.51 | 28.97 | 225.11 | 254.08 | OK | |
| r-release-linux-x86_64 | 4.4.55 | 23.86 | 223.93 | 247.79 | OK | |
| r-release-macos-arm64 | 4.4.55 | 12.00 | 58.00 | 70.00 | OK | |
| r-release-macos-x86_64 | 4.4.55 | 26.00 | 155.00 | 181.00 | OK | |
| r-release-windows-x86_64 | 4.4.55 | 29.00 | 245.00 | 274.00 | OK | |
| r-oldrel-macos-arm64 | 4.4.55 | 10.00 | 62.00 | 72.00 | NOTE | |
| r-oldrel-macos-x86_64 | 4.4.55 | 28.00 | 195.00 | 223.00 | NOTE | |
| r-oldrel-windows-x86_64 | 4.4.55 | 31.00 | 315.00 | 346.00 | NOTE |
Version: 4.4.51
Check: Rd files
Result: NOTE
checkRd: (-1) asremlPlus-package.Rd:19-322: Only 2 columns allowed in this table (row 1 has 1)
checkRd: (-1) asremlPlus-package.Rd:19-322: Only 2 columns allowed in this table (row 2 has 1)
checkRd: (-1) asremlPlus-package.Rd:19-322: Only 2 columns allowed in this table (row 9 has 1)
checkRd: (-1) asremlPlus-package.Rd:19-322: Only 2 columns allowed in this table (row 10 has 1)
checkRd: (-1) asremlPlus-package.Rd:19-322: Only 2 columns allowed in this table (row 11 has 1)
checkRd: (-1) asremlPlus-package.Rd:19-322: Only 2 columns allowed in this table (row 35 has 1)
checkRd: (-1) asremlPlus-package.Rd:19-322: Only 2 columns allowed in this table (row 36 has 1)
checkRd: (-1) asremlPlus-package.Rd:19-322: Only 2 columns allowed in this table (row 37 has 1)
checkRd: (-1) asremlPlus-package.Rd:19-322: Only 2 columns allowed in this table (row 71 has 1)
checkRd: (-1) asremlPlus-package.Rd:19-322: Only 2 columns allowed in this table (row 72 has 1)
checkRd: (-1) asremlPlus-package.Rd:19-322: Only 2 columns allowed in this table (row 73 has 1)
checkRd: (-1) asremlPlus-package.Rd:19-322: Only 2 columns allowed in this table (row 83 has 1)
checkRd: (-1) asremlPlus-package.Rd:19-322: Only 2 columns allowed in this table (row 84 has 1)
checkRd: (-1) asremlPlus-package.Rd:19-322: Only 2 columns allowed in this table (row 85 has 1)
checkRd: (-1) asremlPlus-package.Rd:19-322: Only 2 columns allowed in this table (row 139 has 1)
checkRd: (-1) asremlPlus-package.Rd:19-322: Only 2 columns allowed in this table (row 140 has 1)
checkRd: (-1) asremlPlus-package.Rd:19-322: Only 2 columns allowed in this table (row 147 has 1)
checkRd: (-1) asremlPlus-package.Rd:19-322: Only 2 columns allowed in this table (row 148 has 1)
checkRd: (-1) asremlPlus-package.Rd:19-322: Only 2 columns allowed in this table (row 149 has 1)
checkRd: (-1) asremlPlus-package.Rd:19-322: Only 2 columns allowed in this table (row 200 has 1)
checkRd: (-1) asremlPlus-package.Rd:19-322: Only 2 columns allowed in this table (row 201 has 1)
checkRd: (-1) asremlPlus-package.Rd:19-322: Only 2 columns allowed in this table (row 202 has 1)
Flavors: r-devel-linux-x86_64-debian-clang, r-devel-linux-x86_64-fedora-gcc
Version: 4.4.55
Check: package dependencies
Result: NOTE
Package which this enhances but not available for checking: ‘asreml’
Flavors: r-oldrel-macos-arm64, r-oldrel-macos-x86_64, r-oldrel-windows-x86_64