Last updated on 2025-07-21 08:49:58 CEST.
Flavor | Version | Tinstall | Tcheck | Ttotal | Status | Flags |
---|---|---|---|---|---|---|
r-devel-linux-x86_64-debian-clang | 0.2.2 | 75.36 | 125.23 | 200.59 | OK | |
r-devel-linux-x86_64-debian-gcc | 0.2.2 | 53.91 | 88.15 | 142.06 | OK | |
r-devel-linux-x86_64-fedora-clang | 0.2.2 | 360.20 | OK | |||
r-devel-linux-x86_64-fedora-gcc | 0.2.2 | 341.09 | OK | |||
r-devel-windows-x86_64 | 0.2.2 | 85.00 | 155.00 | 240.00 | OK | |
r-patched-linux-x86_64 | 0.2.2 | 71.35 | 120.25 | 191.60 | OK | |
r-release-linux-x86_64 | 0.2.2 | 72.07 | 119.17 | 191.24 | OK | |
r-release-macos-arm64 | 0.2.2 | 86.00 | OK | |||
r-release-macos-x86_64 | 0.2.2 | 164.00 | OK | |||
r-release-windows-x86_64 | 0.2.2 | 80.00 | 157.00 | 237.00 | OK | |
r-oldrel-macos-arm64 | 0.2.2 | 90.00 | NOTE | |||
r-oldrel-macos-x86_64 | 0.2.2 | 155.00 | NOTE | |||
r-oldrel-windows-x86_64 | 0.2.2 | 105.00 | 198.00 | 303.00 | OK |
Version: 0.2.2
Check: installed package size
Result: NOTE
installed size is 6.6Mb
sub-directories of 1Mb or more:
data 1.1Mb
libs 5.2Mb
Flavors: r-oldrel-macos-arm64, r-oldrel-macos-x86_64