Last updated on 2025-10-21 08:50:34 CEST.
Flavor | Version | Tinstall | Tcheck | Ttotal | Status | Flags |
---|---|---|---|---|---|---|
r-devel-linux-x86_64-debian-clang | 0.1.0 | 4.57 | 40.53 | 45.10 | OK | |
r-devel-linux-x86_64-debian-gcc | 0.1.0 | 3.35 | 29.92 | 33.27 | NOTE | |
r-devel-linux-x86_64-fedora-clang | 0.1.0 | 71.03 | OK | |||
r-devel-linux-x86_64-fedora-gcc | 0.1.0 | 63.72 | OK | |||
r-devel-windows-x86_64 | 0.1.0 | 7.00 | 56.00 | 63.00 | OK | |
r-patched-linux-x86_64 | 0.1.0 | 4.53 | 37.09 | 41.62 | OK | |
r-release-linux-x86_64 | 0.1.0 | 4.08 | 37.49 | 41.57 | OK | |
r-release-macos-arm64 | 0.1.0 | 32.00 | OK | |||
r-release-macos-x86_64 | 0.1.0 | 49.00 | OK | |||
r-release-windows-x86_64 | 0.1.0 | 8.00 | 58.00 | 66.00 | OK | |
r-oldrel-macos-arm64 | 0.1.0 | 27.00 | OK | |||
r-oldrel-macos-x86_64 | 0.1.0 | 37.00 | OK | |||
r-oldrel-windows-x86_64 | 0.1.0 | 7.00 | 69.00 | 76.00 | OK |
Version: 0.1.0
Check: HTML version of manual
Result: NOTE
Found the following HTML validation problems:
not_null.html:52:1 (not_null.Rd:13): Warning: missing </ul> before </div>
not_null_date.html:52:1 (not_null_date.Rd:13): Warning: missing </ul> before </div>
poss_xml.html:46:1 (poss_xml.Rd:10): Warning: missing </ul> before </div>
Flavor: r-devel-linux-x86_64-debian-gcc