Last updated on 2025-11-08 19:50:57 CET.
| Flavor | Version | Tinstall | Tcheck | Ttotal | Status | Flags |
|---|---|---|---|---|---|---|
| r-devel-linux-x86_64-debian-clang | 0.6.1 | 18.66 | 177.36 | 196.02 | OK | |
| r-devel-linux-x86_64-debian-gcc | 0.6.1 | 11.31 | 112.81 | 124.12 | OK | |
| r-devel-linux-x86_64-fedora-clang | 0.6.1 | 169.00 | 148.29 | 317.29 | NOTE | |
| r-devel-linux-x86_64-fedora-gcc | 0.6.1 | 108.00 | 214.28 | 322.28 | NOTE | |
| r-devel-windows-x86_64 | 0.6.1 | 23.00 | 180.00 | 203.00 | OK | |
| r-patched-linux-x86_64 | 0.6.1 | 23.74 | 160.34 | 184.08 | OK | |
| r-release-linux-x86_64 | 0.6.1 | 18.80 | 157.42 | 176.22 | OK | |
| r-release-macos-arm64 | 0.6.1 | 6.00 | 70.00 | 76.00 | OK | |
| r-release-macos-x86_64 | 0.6.1 | 26.00 | 258.00 | 284.00 | OK | |
| r-release-windows-x86_64 | 0.6.1 | 20.00 | 176.00 | 196.00 | OK | |
| r-oldrel-macos-arm64 | 0.6.1 | 6.00 | 73.00 | 79.00 | OK | |
| r-oldrel-macos-x86_64 | 0.6.1 | 17.00 | 203.00 | 220.00 | OK | |
| r-oldrel-windows-x86_64 | 0.6.1 | 29.00 | 229.00 | 258.00 | OK |
Version: 0.6.1
Check: dependencies in R code
Result: NOTE
Namespace in Imports field not imported from: ‘Rdpack’
All declared Imports should be used.
Flavors: r-devel-linux-x86_64-fedora-clang, r-devel-linux-x86_64-fedora-gcc