CRAN Package Check Results for Package ccmReportR

Last updated on 2025-07-22 08:48:27 CEST.

Flavor Version Tinstall Tcheck Ttotal Status Flags
r-devel-linux-x86_64-debian-clang 0.1.0 2.54 25.61 28.15 OK
r-devel-linux-x86_64-debian-gcc 0.1.0 1.66 20.92 22.58 OK
r-devel-linux-x86_64-fedora-clang 0.1.0 42.34 OK
r-devel-linux-x86_64-fedora-gcc 0.1.0 40.49 OK
r-devel-windows-x86_64 0.1.0 4.00 45.00 49.00 OK
r-patched-linux-x86_64 0.1.0 2.86 23.35 26.21 OK
r-release-linux-x86_64 0.1.0 2.79 23.43 26.22 OK
r-release-macos-arm64 0.1.0 20.00 OK
r-release-macos-x86_64 0.1.0 27.00 OK
r-release-windows-x86_64 0.1.0 5.00 42.00 47.00 OK
r-oldrel-macos-arm64 0.1.0 19.00 NOTE
r-oldrel-macos-x86_64 0.1.0 25.00 NOTE
r-oldrel-windows-x86_64 0.1.0 5.00 55.00 60.00 NOTE

Check Details

Version: 0.1.0
Check: LazyData
Result: NOTE 'LazyData' is specified without a 'data' directory Flavors: r-oldrel-macos-arm64, r-oldrel-macos-x86_64, r-oldrel-windows-x86_64