Last updated on 2025-11-09 07:49:45 CET.
| Flavor | Version | Tinstall | Tcheck | Ttotal | Status | Flags |
|---|---|---|---|---|---|---|
| r-devel-linux-x86_64-debian-clang | 0.1.3 | 33.85 | 349.40 | 383.25 | OK | |
| r-devel-linux-x86_64-debian-gcc | 0.1.3 | 22.04 | 179.08 | 201.12 | OK | |
| r-devel-linux-x86_64-fedora-clang | 0.1.3 | 60.00 | 520.34 | 580.34 | OK | |
| r-devel-linux-x86_64-fedora-gcc | 0.1.3 | 162.00 | 441.31 | 603.31 | OK | |
| r-devel-windows-x86_64 | 0.1.3 | 42.00 | 308.00 | 350.00 | OK | |
| r-patched-linux-x86_64 | 0.1.3 | 38.62 | 291.61 | 330.23 | OK | |
| r-release-linux-x86_64 | 0.1.3 | 35.95 | 272.01 | 307.96 | ERROR | |
| r-release-macos-arm64 | 0.1.3 | 12.00 | 117.00 | 129.00 | OK | |
| r-release-macos-x86_64 | 0.1.3 | 28.00 | 549.00 | 577.00 | OK | |
| r-release-windows-x86_64 | 0.1.3 | 40.00 | 283.00 | 323.00 | OK | |
| r-oldrel-macos-arm64 | 0.1.3 | 17.00 | 148.00 | 165.00 | OK | |
| r-oldrel-macos-x86_64 | 0.1.3 | 55.00 | 549.00 | 604.00 | OK | |
| r-oldrel-windows-x86_64 | 0.1.3 | 49.00 | 374.00 | 423.00 | OK |
Version: 0.1.3
Check: re-building of vignette outputs
Result: ERROR
Error(s) in re-building vignettes:
...
--- re-building ‘vignette.Rmd’ using rmarkdown
Quitting from vignette.Rmd:203-226 [unnamed-chunk-11]
~~~~~~~~~~~~~~~~~~~~~~~~~~~~~~~~~~~~~~~~~~~~~~~~~~~~~~~~~~~~~~~~~~~~~~~~~~~~~~~~
<error/rlang_error>
Error in `{
do.call(NewpopulationIsland, c(dots, list(ObjFunc = ObjFunc, prange = prange,
selection = selection, crossover = crossover, mutation = mutation, pop = Island[
, , k], fit = IslandFit[, k], minDist = minDist, lmax = lmax, mmax = mmax,
pcrossover = pcrossover, pmutation = pmutation, pchangepoint = pchangepoint,
maxgen = maxgen, N = N)))
}`:
! task 2 failed - "missing value where TRUE/FALSE needed"
---
Backtrace:
▆
1. ├─base::suppressWarnings(...)
2. │ └─base::withCallingHandlers(...)
3. └─changepointGA::cptgaisl(...)
4. └─foreach::foreach(k = 1:numIslands) %dopar% ...
5. └─e$fun(obj, substitute(ex), parent.frame(), e$data)
~~~~~~~~~~~~~~~~~~~~~~~~~~~~~~~~~~~~~~~~~~~~~~~~~~~~~~~~~~~~~~~~~~~~~~~~~~~~~~~~
Error: processing vignette 'vignette.Rmd' failed with diagnostics:
task 2 failed - "missing value where TRUE/FALSE needed"
--- failed re-building ‘vignette.Rmd’
SUMMARY: processing the following file failed:
‘vignette.Rmd’
Error: Vignette re-building failed.
Execution halted
Flavor: r-release-linux-x86_64