CRAN Package Check Results for Package classifierplots

Last updated on 2025-09-30 20:50:34 CEST.

Flavor Version Tinstall Tcheck Ttotal Status Flags
r-devel-linux-x86_64-debian-clang 1.4.0 16.19 116.56 132.75 OK
r-devel-linux-x86_64-debian-gcc 1.4.0 10.46 81.31 91.77 OK
r-devel-linux-x86_64-fedora-clang 1.4.0 200.74 NOTE
r-devel-linux-x86_64-fedora-gcc 1.4.0 194.51 NOTE
r-devel-windows-x86_64 1.4.0 16.00 112.00 128.00 OK
r-patched-linux-x86_64 1.4.0 14.91 108.43 123.34 OK
r-release-linux-x86_64 1.4.0 15.39 107.92 123.31 OK
r-release-macos-arm64 1.4.0 50.00 OK
r-release-macos-x86_64 1.4.0 100.00 OK
r-release-windows-x86_64 1.4.0 17.00 112.00 129.00 OK
r-oldrel-macos-arm64 1.4.0 46.00 OK
r-oldrel-macos-x86_64 1.4.0 78.00 OK
r-oldrel-windows-x86_64 1.4.0 22.00 152.00 174.00 OK

Check Details

Version: 1.4.0
Check: dependencies in R code
Result: NOTE Namespace in Imports field not imported from: ‘Rcpp’ All declared Imports should be used. Flavors: r-devel-linux-x86_64-fedora-clang, r-devel-linux-x86_64-fedora-gcc