Last updated on 2025-07-22 19:51:44 CEST.
Flavor | Version | Tinstall | Tcheck | Ttotal | Status | Flags |
---|---|---|---|---|---|---|
r-devel-linux-x86_64-debian-clang | 1.6.2 | 12.82 | 184.64 | 197.46 | OK | |
r-devel-linux-x86_64-debian-gcc | 1.6.2 | 8.85 | 123.62 | 132.47 | OK | |
r-devel-linux-x86_64-fedora-clang | 1.6.2 | 303.07 | OK | |||
r-devel-linux-x86_64-fedora-gcc | 1.6.2 | 302.07 | OK | |||
r-devel-windows-x86_64 | 1.6.2 | 15.00 | 195.00 | 210.00 | OK | |
r-patched-linux-x86_64 | 1.6.2 | 15.58 | 171.94 | 187.52 | OK | |
r-release-linux-x86_64 | 1.6.2 | 12.53 | 171.83 | 184.36 | OK | |
r-release-macos-arm64 | 1.6.2 | 135.00 | OK | |||
r-release-macos-x86_64 | 1.6.2 | 118.00 | OK | |||
r-release-windows-x86_64 | 1.6.2 | 15.00 | 193.00 | 208.00 | OK | |
r-oldrel-macos-arm64 | 1.6.2 | 85.00 | NOTE | |||
r-oldrel-macos-x86_64 | 1.6.2 | 149.00 | NOTE | |||
r-oldrel-windows-x86_64 | 1.6.2 | 21.00 | 244.00 | 265.00 | NOTE |
Version: 1.6.2
Check: installed package size
Result: NOTE
installed size is 5.7Mb
sub-directories of 1Mb or more:
doc 4.3Mb
Flavors: r-oldrel-macos-arm64, r-oldrel-macos-x86_64, r-oldrel-windows-x86_64