Last updated on 2025-10-21 08:50:36 CEST.
Flavor | Version | Tinstall | Tcheck | Ttotal | Status | Flags |
---|---|---|---|---|---|---|
r-devel-linux-x86_64-debian-clang | 1.0.5 | 5.13 | 33.72 | 38.85 | OK | |
r-devel-linux-x86_64-debian-gcc | 1.0.5 | 3.32 | 26.27 | 29.59 | NOTE | |
r-devel-linux-x86_64-fedora-clang | 1.0.5 | 46.22 | OK | |||
r-devel-linux-x86_64-fedora-gcc | 1.0.5 | 54.41 | OK | |||
r-devel-windows-x86_64 | 1.0.5 | 6.00 | 49.00 | 55.00 | OK | |
r-patched-linux-x86_64 | 1.0.5 | 4.72 | 30.98 | 35.70 | OK | |
r-release-linux-x86_64 | 1.0.5 | 4.61 | 31.08 | 35.69 | OK | |
r-release-macos-arm64 | 1.0.5 | 28.00 | OK | |||
r-release-macos-x86_64 | 1.0.5 | 36.00 | OK | |||
r-release-windows-x86_64 | 1.0.5 | 7.00 | 50.00 | 57.00 | OK | |
r-oldrel-macos-arm64 | 1.0.5 | 25.00 | OK | |||
r-oldrel-macos-x86_64 | 1.0.5 | 39.00 | OK | |||
r-oldrel-windows-x86_64 | 1.0.5 | 8.00 | 58.00 | 66.00 | OK |
Version: 1.0.5
Check: HTML version of manual
Result: NOTE
Found the following HTML validation problems:
clinicalomicsdbR.html:131:1 (clinicalomicsdbR.Rd:67): Warning: <h5> anchor "Usage" already defined
clinicalomicsdbR.html:137:1 (clinicalomicsdbR.Rd:71): Warning: <h5> anchor "Arguments" already defined
clinicalomicsdbR.html:150:1 (clinicalomicsdbR.Rd:78): Warning: <h5> anchor "Returns" already defined
clinicalomicsdbR.html:167:1 (clinicalomicsdbR.Rd:87): Warning: <h5> anchor "Usage" already defined
clinicalomicsdbR.html:173:1 (clinicalomicsdbR.Rd:91): Warning: <h5> anchor "Arguments" already defined
clinicalomicsdbR.html:186:1 (clinicalomicsdbR.Rd:98): Warning: <h5> anchor "Returns" already defined
clinicalomicsdbR.html:203:1 (clinicalomicsdbR.Rd:107): Warning: <h5> anchor "Usage" already defined
clinicalomicsdbR.html:209:1 (clinicalomicsdbR.Rd:111): Warning: <h5> anchor "Arguments" already defined
clinicalomicsdbR.html:224:1 (clinicalomicsdbR.Rd:120): Warning: <h5> anchor "Returns" already defined
clinicalomicsdbR.html:241:1 (clinicalomicsdbR.Rd:129): Warning: <h5> anchor "Usage" already defined
clinicalomicsdbR.html:247:1 (clinicalomicsdbR.Rd:133): Warning: <h5> anchor "Returns" already defined
clinicalomicsdbR.html:264:1 (clinicalomicsdbR.Rd:142): Warning: <h5> anchor "Usage" already defined
clinicalomicsdbR.html:270:1 (clinicalomicsdbR.Rd:146): Warning: <h5> anchor "Arguments" already defined
clinicalomicsdbR.html:283:1 (clinicalomicsdbR.Rd:153): Warning: <h5> anchor "Returns" already defined
clinicalomicsdbR.html:300:1 (clinicalomicsdbR.Rd:162): Warning: <h5> anchor "Usage" already defined
clinicalomicsdbR.html:306:1 (clinicalomicsdbR.Rd:166): Warning: <h5> anchor "Arguments" already defined
Flavor: r-devel-linux-x86_64-debian-gcc