Last updated on 2025-07-25 20:49:25 CEST.
Flavor | Version | Tinstall | Tcheck | Ttotal | Status | Flags |
---|---|---|---|---|---|---|
r-devel-linux-x86_64-debian-clang | 1.2.4 | 15.34 | 84.70 | 100.04 | OK | |
r-devel-linux-x86_64-debian-gcc | 1.2.4 | 12.63 | 61.65 | 74.28 | OK | |
r-devel-linux-x86_64-fedora-clang | 1.2.4 | 150.94 | NOTE | |||
r-devel-linux-x86_64-fedora-gcc | 1.2.4 | 153.70 | NOTE | |||
r-devel-windows-x86_64 | 1.2.4 | 18.00 | 96.00 | 114.00 | OK | |
r-patched-linux-x86_64 | 1.2.4 | 17.42 | 81.74 | 99.16 | OK | |
r-release-linux-x86_64 | 1.2.4 | 15.95 | 81.33 | 97.28 | OK | |
r-release-macos-arm64 | 1.2.4 | 42.00 | OK | |||
r-release-macos-x86_64 | 1.2.4 | 137.00 | OK | |||
r-release-windows-x86_64 | 1.2.4 | 16.00 | 93.00 | 109.00 | OK | |
r-oldrel-macos-arm64 | 1.2.4 | 47.00 | OK | |||
r-oldrel-macos-x86_64 | 1.2.4 | 91.00 | OK | |||
r-oldrel-windows-x86_64 | 1.2.4 | 23.00 | 115.00 | 138.00 | OK |
Version: 1.2.4
Check: dependencies in R code
Result: NOTE
Namespace in Imports field not imported from: ‘gstat’
All declared Imports should be used.
Flavors: r-devel-linux-x86_64-fedora-clang, r-devel-linux-x86_64-fedora-gcc